{"id":10066,"date":"2022-11-26T09:28:21","date_gmt":"2022-11-26T08:28:21","guid":{"rendered":"https:\/\/albaicin.fr\/?page_id=10066"},"modified":"2025-07-22T15:40:18","modified_gmt":"2025-07-22T13:40:18","slug":"poche-tabac","status":"publish","type":"page","link":"https:\/\/albaicin.fr\/index.php\/poche-tabac\/","title":{"rendered":"Poche \u00e0 tabac"},"content":{"rendered":"<div class=\"wpb-content-wrapper\">[vc_row][vc_column][\/vc_column][\/vc_row][vc_row gap=\u00a0\u00bb4&Prime;][vc_column width=\u00a0\u00bb1\/2&Prime;][vc_media_grid element_width=\u00a0\u00bb6&Prime; gap=\u00a0\u00bb10&Prime; grid_id=\u00a0\u00bbvc_gid:1753191509944-61e7be17-e2bc-7&Prime; include=\u00a0\u00bb10076,10073,10074,10075,10077&Prime;][\/vc_column][vc_column width=\u00a0\u00bb1\/2&Prime;][vc_separator color=\u00a0\u00bbcustom\u00a0\u00bb accent_color=\u00a0\u00bb#811013&Prime;][vc_column_text css=\u00a0\u00bb\u00a0\u00bb]\n<h4><span style=\"color: #811013;\">Poche \u00e0 tabac pour ranger le n\u00e9cessaire \u00e0 rouler<\/span><\/h4>\n<p style=\"text-align: justify;\">Ins\u00e9rer votre paquet de tabac dans la poche principale et tous les consommables n\u00e9cessaires dans les diff\u00e9rentes poches pr\u00e9vues.<\/p>\n<p style=\"text-align: justify;\">R\u00e9alis\u00e9e dans 2 couleurs, cette blague \u00e0 tabac multi poches int\u00e8gre votre n\u00e9cessaire de fumeur sans craindre de perdre vos filtres.<\/p>\n<p style=\"text-align: justify;\">La patte est r\u00e9glable gr\u00e2ce au \u00ab\u00a0bouton de col\u00a0\u00bb qui permet d&rsquo;int\u00e9grer diff\u00e9rents grammages de paquet de tabac.<\/p>\n<p style=\"text-align: justify;\">Le rabat avant contient les filtres sans craindre qu&rsquo;ils ne s&rsquo;\u00e9chappent, gr\u00e2ce au rabat int\u00e9rieur.<\/p>\n<p style=\"text-align: justify;\">Contre la poche principale, deux pochettes plaqu\u00e9es accueillent le papier \u00e0 rouler et un petit briquet.<\/p>\n<p style=\"text-align: justify;\"><strong>Dimensions<\/strong> : Largeur 28 cm x 17 cm de hauteur<\/p>\n<p style=\"text-align: justify;\"><strong>Mati\u00e8re<\/strong> : R\u00e9alis\u00e9e en cuir \u00ab\u00a0pleine fleur\u00a0\u00bb de veau ou vachette. Le cuir de ch\u00e8vre, plus dense et r\u00e9sistant, est utilis\u00e9 pour la patte et le rembord de filtre.<\/p>\n<p style=\"text-align: justify;\"><strong>Utilisation secondaire<\/strong> : Il est bien s\u00fbr possible d&rsquo;utiliser cette pochette \u00e0 d&rsquo;autres usages. Les diff\u00e9rentes pochettes peuvent accueillir des cartes de cr\u00e9dit, des papiers, un t\u00e9l\u00e9phone&#8230;<\/p>\n<p style=\"text-align: justify;\">Cette pochette est imagin\u00e9e et produite en petites s\u00e9ries dans mon atelier de Plomeur, \u00e0 la main et avec passion.<\/p>\n<p style=\"text-align: justify;\">Commander cette pochette sur-mesure avec les coloris que vous aimez. Laissez vos coordonn\u00e9es en cliquant sur le lien ci-dessous.<\/p>\n<h4><span style=\"color: #811013;\">A retrouver sur\u00a0 <a href=\"https:\/\/albaicin.fr\/index.php\/poches-tabac\/\" target=\"_blank\" rel=\"noopener\">ma boutique en ligne<\/a><\/span><\/h4>\n[\/vc_column_text][\/vc_column][\/vc_row][vc_row][vc_column][vc_separator color=\u00a0\u00bbcustom\u00a0\u00bb border_width=\u00a0\u00bb2&Prime; accent_color=\u00a0\u00bb#811013&Prime;][\/vc_column][\/vc_row][vc_row content_placement=\u00a0\u00bbmiddle\u00a0\u00bb][vc_column width=\u00a0\u00bb1\/6&Prime;][\/vc_column][vc_column width=\u00a0\u00bb2\/3&Prime;][vc_column_text]\n<p style=\"text-align: center;\">Cr\u00e9ations r\u00e9alis\u00e9es dans des cuirs pleine fleur avec une finition aniline ou semi-aniline ou l\u00e9g\u00e8rement pigment\u00e9e.<\/p>\n<p style=\"text-align: center;\">Afin de limiter les co\u00fbts et privil\u00e9gier le recyclage, de belles chutes de cuir ont \u00e9t\u00e9 utilis\u00e9es.<\/p>\n<p style=\"text-align: center;\">Le grand soin apport\u00e9 aux finitions assure la long\u00e9vit\u00e9 des produits.<\/p>\n<p style=\"text-align: center;\">La plupart des associations \u00e9tant uniques, nos \u00e9ditions sont limit\u00e9es.<\/p>\n[\/vc_column_text][\/vc_column][vc_column width=\u00a0\u00bb1\/6&Prime;][\/vc_column][vc_column][\/vc_column][\/vc_row]\n<\/div>","protected":false},"excerpt":{"rendered":"<p>[vc_row][vc_column][\/vc_column][\/vc_row][vc_row gap=\u00a0\u00bb4&Prime;][vc_column width=\u00a0\u00bb1\/2&Prime;][vc_media_grid element_width=\u00a0\u00bb6&Prime; gap=\u00a0\u00bb10&Prime; grid_id=\u00a0\u00bbvc_gid:1753191509944-61e7be17-e2bc-7&Prime; include=\u00a0\u00bb10076,10073,10074,10075,10077&Prime;][\/vc_column][vc_column width=\u00a0\u00bb1\/2&Prime;][vc_separator color=\u00a0\u00bbcustom\u00a0\u00bb accent_color=\u00a0\u00bb#811013&Prime;][vc_column_text css=\u00a0\u00bb\u00a0\u00bb] Poche \u00e0 tabac pour ranger le n\u00e9cessaire \u00e0 rouler Ins\u00e9rer votre paquet de tabac dans la poche principale et tous les consommables n\u00e9cessaires dans les diff\u00e9rentes poches pr\u00e9vues. R\u00e9alis\u00e9e &hellip; <a class=\"kt-excerpt-readmore\" href=\"https:\/\/albaicin.fr\/index.php\/poche-tabac\/\" aria-label=\"Poche \u00e0 tabac\">Lire plus<\/a><\/p>\n","protected":false},"author":1,"featured_media":10073,"parent":0,"menu_order":0,"comment_status":"closed","ping_status":"closed","template":"page-fullwidth.php","meta":{"footnotes":""},"class_list":["post-10066","page","type-page","status-publish","has-post-thumbnail","hentry"],"yoast_head":"<!-- This site is optimized with the Yoast SEO plugin v27.4 - https:\/\/yoast.com\/product\/yoast-seo-wordpress\/ -->\n<title>Poche pour votre tabac<\/title>\n<meta name=\"description\" content=\"Une poche pour ranger votre tabac et tout le n\u00e9cessaire du fumeur rouleur. Cet \u00e9tui peut aussi \u00eatre utiliser comme portefeuille.\" \/>\n<meta name=\"robots\" content=\"index, follow, max-snippet:-1, max-image-preview:large, max-video-preview:-1\" \/>\n<link rel=\"canonical\" href=\"https:\/\/albaicin.fr\/index.php\/poche-tabac\/\" \/>\n<meta property=\"og:locale\" content=\"fr_FR\" \/>\n<meta property=\"og:type\" content=\"article\" \/>\n<meta property=\"og:title\" content=\"Poche pour votre tabac\" \/>\n<meta property=\"og:description\" content=\"Une poche pour ranger votre tabac et tout le n\u00e9cessaire du fumeur rouleur. Cet \u00e9tui peut aussi \u00eatre utiliser comme portefeuille.\" \/>\n<meta property=\"og:url\" content=\"https:\/\/albaicin.fr\/index.php\/poche-tabac\/\" \/>\n<meta property=\"og:site_name\" content=\"albaicin\" \/>\n<meta property=\"article:modified_time\" content=\"2025-07-22T13:40:18+00:00\" \/>\n<meta property=\"og:image\" content=\"https:\/\/albaicin.fr\/wp-content\/uploads\/2022\/11\/Blague-Vachette-bleu-vif-Gris-charbon.jpeg\" \/>\n\t<meta property=\"og:image:width\" content=\"800\" \/>\n\t<meta property=\"og:image:height\" content=\"1067\" \/>\n\t<meta property=\"og:image:type\" content=\"image\/jpeg\" \/>\n<meta name=\"twitter:card\" content=\"summary_large_image\" \/>\n<meta name=\"twitter:label1\" content=\"Dur\u00e9e de lecture estim\u00e9e\" \/>\n\t<meta name=\"twitter:data1\" content=\"2 minutes\" \/>\n<script type=\"application\/ld+json\" class=\"yoast-schema-graph\">{\"@context\":\"https:\\\/\\\/schema.org\",\"@graph\":[{\"@type\":\"WebPage\",\"@id\":\"https:\\\/\\\/albaicin.fr\\\/index.php\\\/poche-tabac\\\/\",\"url\":\"https:\\\/\\\/albaicin.fr\\\/index.php\\\/poche-tabac\\\/\",\"name\":\"Poche pour votre tabac\",\"isPartOf\":{\"@id\":\"https:\\\/\\\/albaicin.fr\\\/#website\"},\"primaryImageOfPage\":{\"@id\":\"https:\\\/\\\/albaicin.fr\\\/index.php\\\/poche-tabac\\\/#primaryimage\"},\"image\":{\"@id\":\"https:\\\/\\\/albaicin.fr\\\/index.php\\\/poche-tabac\\\/#primaryimage\"},\"thumbnailUrl\":\"https:\\\/\\\/albaicin.fr\\\/wp-content\\\/uploads\\\/2022\\\/11\\\/Blague-Vachette-bleu-vif-Gris-charbon.jpeg\",\"datePublished\":\"2022-11-26T08:28:21+00:00\",\"dateModified\":\"2025-07-22T13:40:18+00:00\",\"description\":\"Une poche pour ranger votre tabac et tout le n\u00e9cessaire du fumeur rouleur. Cet \u00e9tui peut aussi \u00eatre utiliser comme portefeuille.\",\"breadcrumb\":{\"@id\":\"https:\\\/\\\/albaicin.fr\\\/index.php\\\/poche-tabac\\\/#breadcrumb\"},\"inLanguage\":\"fr-FR\",\"potentialAction\":[{\"@type\":\"ReadAction\",\"target\":[\"https:\\\/\\\/albaicin.fr\\\/index.php\\\/poche-tabac\\\/\"]}]},{\"@type\":\"ImageObject\",\"inLanguage\":\"fr-FR\",\"@id\":\"https:\\\/\\\/albaicin.fr\\\/index.php\\\/poche-tabac\\\/#primaryimage\",\"url\":\"https:\\\/\\\/albaicin.fr\\\/wp-content\\\/uploads\\\/2022\\\/11\\\/Blague-Vachette-bleu-vif-Gris-charbon.jpeg\",\"contentUrl\":\"https:\\\/\\\/albaicin.fr\\\/wp-content\\\/uploads\\\/2022\\\/11\\\/Blague-Vachette-bleu-vif-Gris-charbon.jpeg\",\"width\":800,\"height\":1067,\"caption\":\"poche tabac\"},{\"@type\":\"BreadcrumbList\",\"@id\":\"https:\\\/\\\/albaicin.fr\\\/index.php\\\/poche-tabac\\\/#breadcrumb\",\"itemListElement\":[{\"@type\":\"ListItem\",\"position\":1,\"name\":\"Accueil\",\"item\":\"https:\\\/\\\/albaicin.fr\\\/\"},{\"@type\":\"ListItem\",\"position\":2,\"name\":\"Poche \u00e0 tabac\"}]},{\"@type\":\"WebSite\",\"@id\":\"https:\\\/\\\/albaicin.fr\\\/#website\",\"url\":\"https:\\\/\\\/albaicin.fr\\\/\",\"name\":\"albaicin\",\"description\":\"Un site utilisant WordPress\",\"potentialAction\":[{\"@type\":\"SearchAction\",\"target\":{\"@type\":\"EntryPoint\",\"urlTemplate\":\"https:\\\/\\\/albaicin.fr\\\/?s={search_term_string}\"},\"query-input\":{\"@type\":\"PropertyValueSpecification\",\"valueRequired\":true,\"valueName\":\"search_term_string\"}}],\"inLanguage\":\"fr-FR\"}]}<\/script>\n<!-- \/ Yoast SEO plugin. -->","yoast_head_json":{"title":"Poche pour votre tabac","description":"Une poche pour ranger votre tabac et tout le n\u00e9cessaire du fumeur rouleur. Cet \u00e9tui peut aussi \u00eatre utiliser comme portefeuille.","robots":{"index":"index","follow":"follow","max-snippet":"max-snippet:-1","max-image-preview":"max-image-preview:large","max-video-preview":"max-video-preview:-1"},"canonical":"https:\/\/albaicin.fr\/index.php\/poche-tabac\/","og_locale":"fr_FR","og_type":"article","og_title":"Poche pour votre tabac","og_description":"Une poche pour ranger votre tabac et tout le n\u00e9cessaire du fumeur rouleur. Cet \u00e9tui peut aussi \u00eatre utiliser comme portefeuille.","og_url":"https:\/\/albaicin.fr\/index.php\/poche-tabac\/","og_site_name":"albaicin","article_modified_time":"2025-07-22T13:40:18+00:00","og_image":[{"width":800,"height":1067,"url":"https:\/\/albaicin.fr\/wp-content\/uploads\/2022\/11\/Blague-Vachette-bleu-vif-Gris-charbon.jpeg","type":"image\/jpeg"}],"twitter_card":"summary_large_image","twitter_misc":{"Dur\u00e9e de lecture estim\u00e9e":"2 minutes"},"schema":{"@context":"https:\/\/schema.org","@graph":[{"@type":"WebPage","@id":"https:\/\/albaicin.fr\/index.php\/poche-tabac\/","url":"https:\/\/albaicin.fr\/index.php\/poche-tabac\/","name":"Poche pour votre tabac","isPartOf":{"@id":"https:\/\/albaicin.fr\/#website"},"primaryImageOfPage":{"@id":"https:\/\/albaicin.fr\/index.php\/poche-tabac\/#primaryimage"},"image":{"@id":"https:\/\/albaicin.fr\/index.php\/poche-tabac\/#primaryimage"},"thumbnailUrl":"https:\/\/albaicin.fr\/wp-content\/uploads\/2022\/11\/Blague-Vachette-bleu-vif-Gris-charbon.jpeg","datePublished":"2022-11-26T08:28:21+00:00","dateModified":"2025-07-22T13:40:18+00:00","description":"Une poche pour ranger votre tabac et tout le n\u00e9cessaire du fumeur rouleur. Cet \u00e9tui peut aussi \u00eatre utiliser comme portefeuille.","breadcrumb":{"@id":"https:\/\/albaicin.fr\/index.php\/poche-tabac\/#breadcrumb"},"inLanguage":"fr-FR","potentialAction":[{"@type":"ReadAction","target":["https:\/\/albaicin.fr\/index.php\/poche-tabac\/"]}]},{"@type":"ImageObject","inLanguage":"fr-FR","@id":"https:\/\/albaicin.fr\/index.php\/poche-tabac\/#primaryimage","url":"https:\/\/albaicin.fr\/wp-content\/uploads\/2022\/11\/Blague-Vachette-bleu-vif-Gris-charbon.jpeg","contentUrl":"https:\/\/albaicin.fr\/wp-content\/uploads\/2022\/11\/Blague-Vachette-bleu-vif-Gris-charbon.jpeg","width":800,"height":1067,"caption":"poche tabac"},{"@type":"BreadcrumbList","@id":"https:\/\/albaicin.fr\/index.php\/poche-tabac\/#breadcrumb","itemListElement":[{"@type":"ListItem","position":1,"name":"Accueil","item":"https:\/\/albaicin.fr\/"},{"@type":"ListItem","position":2,"name":"Poche \u00e0 tabac"}]},{"@type":"WebSite","@id":"https:\/\/albaicin.fr\/#website","url":"https:\/\/albaicin.fr\/","name":"albaicin","description":"Un site utilisant WordPress","potentialAction":[{"@type":"SearchAction","target":{"@type":"EntryPoint","urlTemplate":"https:\/\/albaicin.fr\/?s={search_term_string}"},"query-input":{"@type":"PropertyValueSpecification","valueRequired":true,"valueName":"search_term_string"}}],"inLanguage":"fr-FR"}]}},"_links":{"self":[{"href":"https:\/\/albaicin.fr\/index.php\/wp-json\/wp\/v2\/pages\/10066","targetHints":{"allow":["GET"]}}],"collection":[{"href":"https:\/\/albaicin.fr\/index.php\/wp-json\/wp\/v2\/pages"}],"about":[{"href":"https:\/\/albaicin.fr\/index.php\/wp-json\/wp\/v2\/types\/page"}],"author":[{"embeddable":true,"href":"https:\/\/albaicin.fr\/index.php\/wp-json\/wp\/v2\/users\/1"}],"replies":[{"embeddable":true,"href":"https:\/\/albaicin.fr\/index.php\/wp-json\/wp\/v2\/comments?post=10066"}],"version-history":[{"count":10,"href":"https:\/\/albaicin.fr\/index.php\/wp-json\/wp\/v2\/pages\/10066\/revisions"}],"predecessor-version":[{"id":11962,"href":"https:\/\/albaicin.fr\/index.php\/wp-json\/wp\/v2\/pages\/10066\/revisions\/11962"}],"wp:featuredmedia":[{"embeddable":true,"href":"https:\/\/albaicin.fr\/index.php\/wp-json\/wp\/v2\/media\/10073"}],"wp:attachment":[{"href":"https:\/\/albaicin.fr\/index.php\/wp-json\/wp\/v2\/media?parent=10066"}],"curies":[{"name":"wp","href":"https:\/\/api.w.org\/{rel}","templated":true}]}}

Poche à tabac

<div class="wpb-content-wrapper">[vc_row][vc_column][/vc_column][/vc_row][vc_row gap= »4&Prime;][vc_column width= »1/2&Prime;][vc_media_grid element_width= »6&Prime; gap= »10&Prime; grid_id= »vc_gid:1753191509944-61e7be17-e2bc-7&Prime; include= »10076,10073,10074,10075,10077&Prime;][/vc_column][vc_column width= »1/2&Prime;][vc_separator color= »custom » accent_color= »#811013&Prime;][vc_column_text css= » »]
<h4><span style="color: #811013;">Poche à tabac pour ranger le nécessaire à rouler</span></h4>
<p style="text-align: justify;">Insérer votre paquet de tabac dans la poche principale et tous les consommables nécessaires dans les différentes poches prévues.</p>
<p style="text-align: justify;">Réalisée dans 2 couleurs, cette blague à tabac multi poches intègre votre nécessaire de fumeur sans craindre de perdre vos filtres.</p>
<p style="text-align: justify;">La patte est réglable grâce au « bouton de col » qui permet d&rsquo;intégrer différents grammages de paquet de tabac.</p>
<p style="text-align: justify;">Le rabat avant contient les filtres sans craindre qu&rsquo;ils ne s&rsquo;échappent, grâce au rabat intérieur.</p>
<p style="text-align: justify;">Contre la poche principale, deux pochettes plaquées accueillent le papier à rouler et un petit briquet.</p>
<p style="text-align: justify;"><strong>Dimensions</strong> : Largeur 28 cm x 17 cm de hauteur</p>
<p style="text-align: justify;"><strong>Matière</strong> : Réalisée en cuir « pleine fleur » de veau ou vachette. Le cuir de chèvre, plus dense et résistant, est utilisé pour la patte et le rembord de filtre.</p>
<p style="text-align: justify;"><strong>Utilisation secondaire</strong> : Il est bien sûr possible d&rsquo;utiliser cette pochette à d&rsquo;autres usages. Les différentes pochettes peuvent accueillir des cartes de crédit, des papiers, un téléphone&#8230;</p>
<p style="text-align: justify;">Cette pochette est imaginée et produite en petites séries dans mon atelier de Plomeur, à la main et avec passion.</p>
<p style="text-align: justify;">Commander cette pochette sur-mesure avec les coloris que vous aimez. Laissez vos coordonnées en cliquant sur le lien ci-dessous.</p>
<h4><span style="color: #811013;">A retrouver sur  <a href="https://albaicin.fr/index.php/poches-tabac/" target="_blank" rel="noopener">ma boutique en ligne</a></span></h4>
[/vc_column_text][/vc_column][/vc_row][vc_row][vc_column][vc_separator color= »custom » border_width= »2&Prime; accent_color= »#811013&Prime;][/vc_column][/vc_row][vc_row content_placement= »middle »][vc_column width= »1/6&Prime;][/vc_column][vc_column width= »2/3&Prime;][vc_column_text]
<p style="text-align: center;">Créations réalisées dans des cuirs pleine fleur avec une finition aniline ou semi-aniline ou légèrement pigmentée.</p>
<p style="text-align: center;">Afin de limiter les coûts et privilégier le recyclage, de belles chutes de cuir ont été utilisées.</p>
<p style="text-align: center;">Le grand soin apporté aux finitions assure la longévité des produits.</p>
<p style="text-align: center;">La plupart des associations étant uniques, nos éditions sont limitées.</p>
[/vc_column_text][/vc_column][vc_column width= »1/6&Prime;][/vc_column][vc_column][/vc_column][/vc_row]
</div>

<p>[vc_row][vc_column][/vc_column][/vc_row][vc_row gap= »4&Prime;][vc_column width= »1/2&Prime;][vc_media_grid element_width= »6&Prime; gap= »10&Prime; grid_id= »vc_gid:1753191509944-61e7be17-e2bc-7&Prime; include= »10076,10073,10074,10075,10077&Prime;][/vc_column][vc_column width= »1/2&Prime;][vc_separator color= »custom » accent_color= »#811013&Prime;][vc_column_text css= » »] Poche à tabac pour ranger le nécessaire à rouler Insérer votre paquet de tabac dans la poche principale et tous les consommables nécessaires dans les différentes poches prévues. Réalisée &hellip; <a class="kt-excerpt-readmore" href="https://albaicin.fr/index.php/poche-tabac/" aria-label="Poche à tabac">Lire plus</a></p>

<!-- This site is optimized with the Yoast SEO plugin v27.4 - https://yoast.com/product/yoast-seo-wordpress/ -->
<title>Poche pour votre tabac</title>
<meta name="description" content="Une poche pour ranger votre tabac et tout le nécessaire du fumeur rouleur. Cet étui peut aussi être utiliser comme portefeuille." />
<meta name="robots" content="index, follow, max-snippet:-1, max-image-preview:large, max-video-preview:-1" />
<link rel="canonical" href="https://albaicin.fr/index.php/poche-tabac/" />
<meta property="og:locale" content="fr_FR" />
<meta property="og:type" content="article" />
<meta property="og:title" content="Poche pour votre tabac" />
<meta property="og:description" content="Une poche pour ranger votre tabac et tout le nécessaire du fumeur rouleur. Cet étui peut aussi être utiliser comme portefeuille." />
<meta property="og:url" content="https://albaicin.fr/index.php/poche-tabac/" />
<meta property="og:site_name" content="albaicin" />
<meta property="article:modified_time" content="2025-07-22T13:40:18+00:00" />
<meta property="og:image" content="https://albaicin.fr/wp-content/uploads/2022/11/Blague-Vachette-bleu-vif-Gris-charbon.jpeg" />
	<meta property="og:image:width" content="800" />
	<meta property="og:image:height" content="1067" />
	<meta property="og:image:type" content="image/jpeg" />
<meta name="twitter:card" content="summary_large_image" />
<meta name="twitter:label1" content="Durée de lecture estimée" />
	<meta name="twitter:data1" content="2 minutes" />
<script type="application/ld+json" class="yoast-schema-graph">{"@context":"https:\/\/schema.org","@graph":[{"@type":"WebPage","@id":"https:\/\/albaicin.fr\/index.php\/poche-tabac\/","url":"https:\/\/albaicin.fr\/index.php\/poche-tabac\/","name":"Poche pour votre tabac","isPartOf":{"@id":"https:\/\/albaicin.fr\/#website"},"primaryImageOfPage":{"@id":"https:\/\/albaicin.fr\/index.php\/poche-tabac\/#primaryimage"},"image":{"@id":"https:\/\/albaicin.fr\/index.php\/poche-tabac\/#primaryimage"},"thumbnailUrl":"https:\/\/albaicin.fr\/wp-content\/uploads\/2022\/11\/Blague-Vachette-bleu-vif-Gris-charbon.jpeg","datePublished":"2022-11-26T08:28:21+00:00","dateModified":"2025-07-22T13:40:18+00:00","description":"Une poche pour ranger votre tabac et tout le nécessaire du fumeur rouleur. Cet étui peut aussi être utiliser comme portefeuille.","breadcrumb":{"@id":"https:\/\/albaicin.fr\/index.php\/poche-tabac\/#breadcrumb"},"inLanguage":"fr-FR","potentialAction":[{"@type":"ReadAction","target":["https:\/\/albaicin.fr\/index.php\/poche-tabac\/"]}]},{"@type":"ImageObject","inLanguage":"fr-FR","@id":"https:\/\/albaicin.fr\/index.php\/poche-tabac\/#primaryimage","url":"https:\/\/albaicin.fr\/wp-content\/uploads\/2022\/11\/Blague-Vachette-bleu-vif-Gris-charbon.jpeg","contentUrl":"https:\/\/albaicin.fr\/wp-content\/uploads\/2022\/11\/Blague-Vachette-bleu-vif-Gris-charbon.jpeg","width":800,"height":1067,"caption":"poche tabac"},{"@type":"BreadcrumbList","@id":"https:\/\/albaicin.fr\/index.php\/poche-tabac\/#breadcrumb","itemListElement":[{"@type":"ListItem","position":1,"name":"Accueil","item":"https:\/\/albaicin.fr\/"},{"@type":"ListItem","position":2,"name":"Poche à tabac"}]},{"@type":"WebSite","@id":"https:\/\/albaicin.fr\/#website","url":"https:\/\/albaicin.fr\/","name":"albaicin","description":"Un site utilisant WordPress","potentialAction":[{"@type":"SearchAction","target":{"@type":"EntryPoint","urlTemplate":"https:\/\/albaicin.fr\/?s={search_term_string}"},"query-input":{"@type":"PropertyValueSpecification","valueRequired":true,"valueName":"search_term_string"}}],"inLanguage":"fr-FR"}]}</script>
<!-- / Yoast SEO plugin. -->

Une poche pour ranger votre tabac et tout le nécessaire du fumeur rouleur. Cet étui peut aussi être utiliser comme portefeuille.
