{"id":8721,"date":"2021-10-28T07:34:15","date_gmt":"2021-10-28T05:34:15","guid":{"rendered":"https:\/\/albaicin.fr\/?page_id=8721"},"modified":"2025-07-22T17:27:16","modified_gmt":"2025-07-22T15:27:16","slug":"polochon-sac-dos","status":"publish","type":"page","link":"https:\/\/albaicin.fr\/index.php\/polochon-sac-dos\/","title":{"rendered":"PAULO le polochon"},"content":{"rendered":"<div class=\"wpb-content-wrapper\">[vc_row gap=\u00a0\u00bb4&Prime;][vc_column width=\u00a0\u00bb1\/2&Prime;][vc_column_text]\n<h3><span style=\"color: #993300; font-family: inherit;\">Paulo Le polochon<\/span><\/h3>\n[\/vc_column_text][vc_media_grid gap=\u00a0\u00bb10&Prime; css=\u00a0\u00bb\u00a0\u00bb grid_id=\u00a0\u00bbvc_gid:1753197761763-0923bb9b-12a8-8&Prime; include=\u00a0\u00bb10685,10688,10686,10687,10512,10511,10510,10509,10505,10506,10507,10508,10501,10504,10502,10503,10497,10500,10499,10498,10495,10496,10493,10494&Prime;][\/vc_column][vc_column width=\u00a0\u00bb1\/2&Prime;][vc_separator color=\u00a0\u00bbcustom\u00a0\u00bb border_width=\u00a0\u00bb2&Prime; accent_color=\u00a0\u00bb#811013&Prime;][vc_column_text css=\u00a0\u00bb.vc_custom_1753197971189{border-radius: 2px !important;}\u00a0\u00bb]\n<h3><span style=\"color: #811013;\">Polochon sac \u00e0 dos ou en bandouli\u00e8re dos<\/span><\/h3>\n<h4><span style=\"color: #811013;\">Description<\/span><\/h4>\n<p style=\"text-align: justify;\">Gr\u00e2ce \u00e0 son cordon r\u00e9glable, ce polochon se porte en sac \u00e0 dos ou en travers du corps. Il est r\u00e9alis\u00e9 dans un cuir souple et \u00e9pais.<\/p>\n<p style=\"text-align: justify;\">Deux bandes lat\u00e9rales dans une couleur secondaire, apportent une incontestable originalit\u00e9 \u00e0 ce grand sac pratique.<\/p>\n<p style=\"text-align: justify;\">Comme tout sac polochon classique, Paulo s&rsquo;ouvre au sommet \u00e0 l&rsquo;aide du cordon de serrage. Mais, une seconde ouverture lat\u00e9rale, plac\u00e9e \u00e0 l&rsquo;arri\u00e8re du sac, permet d&rsquo;acc\u00e9der plus rapidement au contenu du sac.<\/p>\n<p>Une vaste pochette int\u00e9rieure, amovible, permet de glisser vos petits objets et papiers.[\/vc_column_text][vc_column_text css=\u00a0\u00bb\u00a0\u00bb]\n<h4><span style=\"color: #811013;\">D\u00e9tails PAULO :<\/span><\/h4>\n<p><strong>Dimensions de la poche principale<\/strong> : Haut 39cm x Larg 21 cm<\/p>\n<p><strong>Ouverture<\/strong> haute par cordon \u00e9pais et arr\u00eats de cordon en cuir<\/p>\n<p><strong>Seconde ouverture<\/strong> lat\u00e9rale par zip nylon de 20cm &#8211; Permet l&rsquo;acc\u00e8s au contenu du sac sans ouvrir la fermeture haute.<\/p>\n<p><strong>Pochette int\u00e9rieure<\/strong> amovible, rattach\u00e9e par un petit mousqueton<\/p>\n<p><strong>Bandouli\u00e8re<\/strong> en cordon solide et soyeuse r\u00e9glable par l&rsquo;int\u00e9rieur avec serre cordon en cuir<\/p>\n<p><strong>Mati\u00e8res<\/strong> : cuir de vachette ou veau \u2013 Origine Italie et France<\/p>\n<p>Conception, pr\u00e9paration et montage complet r\u00e9alis\u00e9s dans mon atelier de Plomeur (29120)<\/p>\n<p><strong><span style=\"color: #811013;\">LE PLUS SUR-MESURE<\/span><\/strong> : Je r\u00e9alise les associations de cuirs \u00e0 votre demande, laissez moi un message : <a href=\"https:\/\/albaicin.fr\/index.php\/albaicin-creations-artisanales-maroquinerie-atelier-cuir-pochettes-sacs-artisan-mode\/\">O\u00f9 trouver mes cr\u00e9ations<\/a><\/p>\n<h4>Des sacs Paulo sont en vente dans ma boutique, cat\u00e9gorie \u00ab\u00a0<a href=\"https:\/\/albaicin.fr\/index.php\/categorie-produit\/cuir\/\" target=\"_blank\" rel=\"noopener\">Grands sacs<\/a>\u00ab\u00a0<\/h4>\n[\/vc_column_text][\/vc_column][\/vc_row][vc_row][vc_column][vc_separator color=\u00a0\u00bbcustom\u00a0\u00bb border_width=\u00a0\u00bb2&Prime; accent_color=\u00a0\u00bb#811013&Prime;][\/vc_column][\/vc_row][vc_row content_placement=\u00a0\u00bbmiddle\u00a0\u00bb][vc_column width=\u00a0\u00bb1\/6&Prime;][\/vc_column][vc_column width=\u00a0\u00bb2\/3&Prime;][vc_column_text]\n<p style=\"text-align: center;\">Cr\u00e9ations r\u00e9alis\u00e9es dans des cuirs pleine fleur avec une finition aniline ou semi-aniline ou l\u00e9g\u00e8rement pigment\u00e9e.<\/p>\n<p style=\"text-align: center;\">Afin de limiter les co\u00fbts et privil\u00e9gier le recyclage, de belles chutes de cuir ont \u00e9t\u00e9 utilis\u00e9es.<\/p>\n<p style=\"text-align: center;\">Le grand soin apport\u00e9 aux finitions assure la long\u00e9vit\u00e9 des produits.<\/p>\n<p style=\"text-align: center;\">La plupart des associations \u00e9tant uniques, nos \u00e9ditions sont limit\u00e9es.<\/p>\n[\/vc_column_text][\/vc_column][vc_column width=\u00a0\u00bb1\/6&Prime;][\/vc_column][\/vc_row][vc_row][vc_column][vc_separator color=\u00a0\u00bbcustom\u00a0\u00bb border_width=\u00a0\u00bb2&Prime; accent_color=\u00a0\u00bb#811013&Prime;][\/vc_column][\/vc_row]\n<\/div>","protected":false},"excerpt":{"rendered":"<p>[vc_row gap=\u00a0\u00bb4&Prime;][vc_column width=\u00a0\u00bb1\/2&Prime;][vc_column_text] Paulo Le polochon [\/vc_column_text][vc_media_grid gap=\u00a0\u00bb10&Prime; css=\u00a0\u00bb\u00a0\u00bb grid_id=\u00a0\u00bbvc_gid:1753197761763-0923bb9b-12a8-8&Prime; include=\u00a0\u00bb10685,10688,10686,10687,10512,10511,10510,10509,10505,10506,10507,10508,10501,10504,10502,10503,10497,10500,10499,10498,10495,10496,10493,10494&Prime;][\/vc_column][vc_column width=\u00a0\u00bb1\/2&Prime;][vc_separator color=\u00a0\u00bbcustom\u00a0\u00bb border_width=\u00a0\u00bb2&Prime; accent_color=\u00a0\u00bb#811013&Prime;][vc_column_text css=\u00a0\u00bb.vc_custom_1753197971189{border-radius: 2px !important;}\u00a0\u00bb] Polochon sac \u00e0 dos ou en bandouli\u00e8re dos Description Gr\u00e2ce \u00e0 son cordon r\u00e9glable, ce polochon se porte en sac \u00e0 dos &hellip; <a class=\"kt-excerpt-readmore\" href=\"https:\/\/albaicin.fr\/index.php\/polochon-sac-dos\/\" aria-label=\"PAULO le polochon\">Lire plus<\/a><\/p>\n","protected":false},"author":1,"featured_media":10252,"parent":0,"menu_order":0,"comment_status":"closed","ping_status":"closed","template":"page-fullwidth.php","meta":{"footnotes":""},"class_list":["post-8721","page","type-page","status-publish","has-post-thumbnail","hentry"],"yoast_head":"<!-- This site is optimized with the Yoast SEO plugin v27.4 - https:\/\/yoast.com\/product\/yoast-seo-wordpress\/ -->\n<title>Polochon sac \u00e0 dos avec cordon r\u00e9glable pour port cross-body<\/title>\n<meta name=\"description\" content=\"Un polochon portable en sac \u00e0 dos. Cordon r\u00e9glable permettant le port en travers du corps \u00e0 l&#039;avant ou \u00e0 l&#039;arri\u00e8re. Pochette amovible.\" \/>\n<meta name=\"robots\" content=\"index, follow, max-snippet:-1, max-image-preview:large, max-video-preview:-1\" \/>\n<link rel=\"canonical\" href=\"https:\/\/albaicin.fr\/index.php\/polochon-sac-dos\/\" \/>\n<meta property=\"og:locale\" content=\"fr_FR\" \/>\n<meta property=\"og:type\" content=\"article\" \/>\n<meta property=\"og:title\" content=\"Polochon sac \u00e0 dos avec cordon r\u00e9glable pour port cross-body\" \/>\n<meta property=\"og:description\" content=\"Un polochon portable en sac \u00e0 dos. Cordon r\u00e9glable permettant le port en travers du corps \u00e0 l&#039;avant ou \u00e0 l&#039;arri\u00e8re. Pochette amovible.\" \/>\n<meta property=\"og:url\" content=\"https:\/\/albaicin.fr\/index.php\/polochon-sac-dos\/\" \/>\n<meta property=\"og:site_name\" content=\"albaicin\" \/>\n<meta property=\"article:modified_time\" content=\"2025-07-22T15:27:16+00:00\" \/>\n<meta property=\"og:image\" content=\"https:\/\/albaicin.fr\/wp-content\/uploads\/2023\/03\/Paulo-Prototype.jpg\" \/>\n\t<meta property=\"og:image:width\" content=\"800\" \/>\n\t<meta property=\"og:image:height\" content=\"1067\" \/>\n\t<meta property=\"og:image:type\" content=\"image\/jpeg\" \/>\n<meta name=\"twitter:card\" content=\"summary_large_image\" \/>\n<meta name=\"twitter:label1\" content=\"Dur\u00e9e de lecture estim\u00e9e\" \/>\n\t<meta name=\"twitter:data1\" content=\"2 minutes\" \/>\n<script type=\"application\/ld+json\" class=\"yoast-schema-graph\">{\"@context\":\"https:\\\/\\\/schema.org\",\"@graph\":[{\"@type\":\"WebPage\",\"@id\":\"https:\\\/\\\/albaicin.fr\\\/index.php\\\/polochon-sac-dos\\\/\",\"url\":\"https:\\\/\\\/albaicin.fr\\\/index.php\\\/polochon-sac-dos\\\/\",\"name\":\"Polochon sac \u00e0 dos avec cordon r\u00e9glable pour port cross-body\",\"isPartOf\":{\"@id\":\"https:\\\/\\\/albaicin.fr\\\/#website\"},\"primaryImageOfPage\":{\"@id\":\"https:\\\/\\\/albaicin.fr\\\/index.php\\\/polochon-sac-dos\\\/#primaryimage\"},\"image\":{\"@id\":\"https:\\\/\\\/albaicin.fr\\\/index.php\\\/polochon-sac-dos\\\/#primaryimage\"},\"thumbnailUrl\":\"https:\\\/\\\/albaicin.fr\\\/wp-content\\\/uploads\\\/2023\\\/03\\\/Paulo-Prototype.jpg\",\"datePublished\":\"2021-10-28T05:34:15+00:00\",\"dateModified\":\"2025-07-22T15:27:16+00:00\",\"description\":\"Un polochon portable en sac \u00e0 dos. Cordon r\u00e9glable permettant le port en travers du corps \u00e0 l'avant ou \u00e0 l'arri\u00e8re. Pochette amovible.\",\"breadcrumb\":{\"@id\":\"https:\\\/\\\/albaicin.fr\\\/index.php\\\/polochon-sac-dos\\\/#breadcrumb\"},\"inLanguage\":\"fr-FR\",\"potentialAction\":[{\"@type\":\"ReadAction\",\"target\":[\"https:\\\/\\\/albaicin.fr\\\/index.php\\\/polochon-sac-dos\\\/\"]}]},{\"@type\":\"ImageObject\",\"inLanguage\":\"fr-FR\",\"@id\":\"https:\\\/\\\/albaicin.fr\\\/index.php\\\/polochon-sac-dos\\\/#primaryimage\",\"url\":\"https:\\\/\\\/albaicin.fr\\\/wp-content\\\/uploads\\\/2023\\\/03\\\/Paulo-Prototype.jpg\",\"contentUrl\":\"https:\\\/\\\/albaicin.fr\\\/wp-content\\\/uploads\\\/2023\\\/03\\\/Paulo-Prototype.jpg\",\"width\":800,\"height\":1067,\"caption\":\"polochon\"},{\"@type\":\"BreadcrumbList\",\"@id\":\"https:\\\/\\\/albaicin.fr\\\/index.php\\\/polochon-sac-dos\\\/#breadcrumb\",\"itemListElement\":[{\"@type\":\"ListItem\",\"position\":1,\"name\":\"Accueil\",\"item\":\"https:\\\/\\\/albaicin.fr\\\/\"},{\"@type\":\"ListItem\",\"position\":2,\"name\":\"PAULO le polochon\"}]},{\"@type\":\"WebSite\",\"@id\":\"https:\\\/\\\/albaicin.fr\\\/#website\",\"url\":\"https:\\\/\\\/albaicin.fr\\\/\",\"name\":\"albaicin\",\"description\":\"Un site utilisant WordPress\",\"potentialAction\":[{\"@type\":\"SearchAction\",\"target\":{\"@type\":\"EntryPoint\",\"urlTemplate\":\"https:\\\/\\\/albaicin.fr\\\/?s={search_term_string}\"},\"query-input\":{\"@type\":\"PropertyValueSpecification\",\"valueRequired\":true,\"valueName\":\"search_term_string\"}}],\"inLanguage\":\"fr-FR\"}]}<\/script>\n<!-- \/ Yoast SEO plugin. -->","yoast_head_json":{"title":"Polochon sac \u00e0 dos avec cordon r\u00e9glable pour port cross-body","description":"Un polochon portable en sac \u00e0 dos. Cordon r\u00e9glable permettant le port en travers du corps \u00e0 l'avant ou \u00e0 l'arri\u00e8re. Pochette amovible.","robots":{"index":"index","follow":"follow","max-snippet":"max-snippet:-1","max-image-preview":"max-image-preview:large","max-video-preview":"max-video-preview:-1"},"canonical":"https:\/\/albaicin.fr\/index.php\/polochon-sac-dos\/","og_locale":"fr_FR","og_type":"article","og_title":"Polochon sac \u00e0 dos avec cordon r\u00e9glable pour port cross-body","og_description":"Un polochon portable en sac \u00e0 dos. Cordon r\u00e9glable permettant le port en travers du corps \u00e0 l'avant ou \u00e0 l'arri\u00e8re. Pochette amovible.","og_url":"https:\/\/albaicin.fr\/index.php\/polochon-sac-dos\/","og_site_name":"albaicin","article_modified_time":"2025-07-22T15:27:16+00:00","og_image":[{"width":800,"height":1067,"url":"https:\/\/albaicin.fr\/wp-content\/uploads\/2023\/03\/Paulo-Prototype.jpg","type":"image\/jpeg"}],"twitter_card":"summary_large_image","twitter_misc":{"Dur\u00e9e de lecture estim\u00e9e":"2 minutes"},"schema":{"@context":"https:\/\/schema.org","@graph":[{"@type":"WebPage","@id":"https:\/\/albaicin.fr\/index.php\/polochon-sac-dos\/","url":"https:\/\/albaicin.fr\/index.php\/polochon-sac-dos\/","name":"Polochon sac \u00e0 dos avec cordon r\u00e9glable pour port cross-body","isPartOf":{"@id":"https:\/\/albaicin.fr\/#website"},"primaryImageOfPage":{"@id":"https:\/\/albaicin.fr\/index.php\/polochon-sac-dos\/#primaryimage"},"image":{"@id":"https:\/\/albaicin.fr\/index.php\/polochon-sac-dos\/#primaryimage"},"thumbnailUrl":"https:\/\/albaicin.fr\/wp-content\/uploads\/2023\/03\/Paulo-Prototype.jpg","datePublished":"2021-10-28T05:34:15+00:00","dateModified":"2025-07-22T15:27:16+00:00","description":"Un polochon portable en sac \u00e0 dos. Cordon r\u00e9glable permettant le port en travers du corps \u00e0 l'avant ou \u00e0 l'arri\u00e8re. Pochette amovible.","breadcrumb":{"@id":"https:\/\/albaicin.fr\/index.php\/polochon-sac-dos\/#breadcrumb"},"inLanguage":"fr-FR","potentialAction":[{"@type":"ReadAction","target":["https:\/\/albaicin.fr\/index.php\/polochon-sac-dos\/"]}]},{"@type":"ImageObject","inLanguage":"fr-FR","@id":"https:\/\/albaicin.fr\/index.php\/polochon-sac-dos\/#primaryimage","url":"https:\/\/albaicin.fr\/wp-content\/uploads\/2023\/03\/Paulo-Prototype.jpg","contentUrl":"https:\/\/albaicin.fr\/wp-content\/uploads\/2023\/03\/Paulo-Prototype.jpg","width":800,"height":1067,"caption":"polochon"},{"@type":"BreadcrumbList","@id":"https:\/\/albaicin.fr\/index.php\/polochon-sac-dos\/#breadcrumb","itemListElement":[{"@type":"ListItem","position":1,"name":"Accueil","item":"https:\/\/albaicin.fr\/"},{"@type":"ListItem","position":2,"name":"PAULO le polochon"}]},{"@type":"WebSite","@id":"https:\/\/albaicin.fr\/#website","url":"https:\/\/albaicin.fr\/","name":"albaicin","description":"Un site utilisant WordPress","potentialAction":[{"@type":"SearchAction","target":{"@type":"EntryPoint","urlTemplate":"https:\/\/albaicin.fr\/?s={search_term_string}"},"query-input":{"@type":"PropertyValueSpecification","valueRequired":true,"valueName":"search_term_string"}}],"inLanguage":"fr-FR"}]}},"_links":{"self":[{"href":"https:\/\/albaicin.fr\/index.php\/wp-json\/wp\/v2\/pages\/8721","targetHints":{"allow":["GET"]}}],"collection":[{"href":"https:\/\/albaicin.fr\/index.php\/wp-json\/wp\/v2\/pages"}],"about":[{"href":"https:\/\/albaicin.fr\/index.php\/wp-json\/wp\/v2\/types\/page"}],"author":[{"embeddable":true,"href":"https:\/\/albaicin.fr\/index.php\/wp-json\/wp\/v2\/users\/1"}],"replies":[{"embeddable":true,"href":"https:\/\/albaicin.fr\/index.php\/wp-json\/wp\/v2\/comments?post=8721"}],"version-history":[{"count":65,"href":"https:\/\/albaicin.fr\/index.php\/wp-json\/wp\/v2\/pages\/8721\/revisions"}],"predecessor-version":[{"id":11976,"href":"https:\/\/albaicin.fr\/index.php\/wp-json\/wp\/v2\/pages\/8721\/revisions\/11976"}],"wp:featuredmedia":[{"embeddable":true,"href":"https:\/\/albaicin.fr\/index.php\/wp-json\/wp\/v2\/media\/10252"}],"wp:attachment":[{"href":"https:\/\/albaicin.fr\/index.php\/wp-json\/wp\/v2\/media?parent=8721"}],"curies":[{"name":"wp","href":"https:\/\/api.w.org\/{rel}","templated":true}]}}