{"id":9339,"date":"2022-05-01T17:21:29","date_gmt":"2022-05-01T15:21:29","guid":{"rendered":"https:\/\/albaicin.fr\/?page_id=9339"},"modified":"2025-07-22T17:12:51","modified_gmt":"2025-07-22T15:12:51","slug":"sacoche","status":"publish","type":"page","link":"https:\/\/albaicin.fr\/index.php\/sacoche\/","title":{"rendered":"Mix-In"},"content":{"rendered":"<div class=\"wpb-content-wrapper\">[vc_row][vc_column][\/vc_column][\/vc_row][vc_section][vc_row][vc_column][vc_column_text css=\u00a0\u00bb\u00a0\u00bb]\n<h3><span style=\"color: #811013;\">La sacoche Mix-In\u00a0<\/span><\/h3>\n[\/vc_column_text][\/vc_column][\/vc_row][\/vc_section][vc_row gap=\u00a0\u00bb4&Prime;][vc_column width=\u00a0\u00bb1\/2&Prime;][vc_media_grid gap=\u00a0\u00bb10&Prime; item=\u00a0\u00bbmediaGrid_SimpleOverlay\u00a0\u00bb css=\u00a0\u00bb\u00a0\u00bb grid_id=\u00a0\u00bbvc_gid:1753196222039-57178958-4f9b-2&Prime; include=\u00a0\u00bb9757,9756,9758,9759,9421,9423,9422,9420,10364,10245,10361,9822,10365,10359,10356&Prime;][\/vc_column][vc_column width=\u00a0\u00bb1\/2&Prime;][vc_separator color=\u00a0\u00bbcustom\u00a0\u00bb border_width=\u00a0\u00bb2&Prime; accent_color=\u00a0\u00bb#811013&Prime;][vc_column_text css=\u00a0\u00bb\u00a0\u00bb]\n<h5 style=\"text-align: justify;\"><span style=\"color: #811013;\">Des sacoches polyvalentes<\/span><\/h5>\n<p>Cette sacoche se porte sous la poitrine ou au dos. Elle peut aussi se placer sur les hanches.<\/p>\n<p style=\"text-align: justify;\"><strong>Les atouts de Mix-In<\/strong><\/p>\n<ul>\n<li>son volume g\u00e9n\u00e9reux peut contenir votre tablette ou un ordinateur portable type lap-top,<\/li>\n<li>le port \u00e0 la ceinture ou en cross-body, au dos ou sous la poitrine.<\/li>\n<li>la fermeture \u00e0 glissi\u00e8re \u00e0 l&rsquo;avant pour acc\u00e9der \u00e0 la poche principale,<\/li>\n<li>la large poche arri\u00e8re ext\u00e9rieure, ferm\u00e9e avec bouton pression,<\/li>\n<li>la poche plaqu\u00e9e int\u00e9rieure, soit 3 poches en tout !!<\/li>\n<\/ul>\n<h5 style=\"text-align: center;\"><span style=\"color: #811013;\">Mix-In est le compagnon de vos voyages !<\/span><\/h5>\n<p style=\"text-align: justify;\">Les choix d\u2019associations de couleurs et de mati\u00e8res sont pens\u00e9s pour r\u00e9pondre \u00e0 la vari\u00e9t\u00e9 des go\u00fbts et des envies.<\/p>\n<p>J\u2019ai pris un plaisir \u00e9gal \u00e0 l\u2019\u00e9laboration de chacun d\u2019eux.[\/vc_column_text][vc_separator color=\u00a0\u00bbcustom\u00a0\u00bb border_width=\u00a0\u00bb2&Prime; accent_color=\u00a0\u00bb#811013&Prime;][vc_column_text css=\u00a0\u00bb\u00a0\u00bb]\n<h5><span style=\"color: #811013;\">D\u00e9tails Mix-In :<\/span><\/h5>\n<p><strong>Dimensions<\/strong> de la poche principale : L 32 cm x H 18 cm &#8211; Epaisseur 7 cm<\/p>\n<p><strong>Poche plaqu\u00e9e<\/strong> ext\u00e9rieure \u00e0 l&rsquo;arri\u00e8re &#8211; Fermeture par bouton pression<\/p>\n<p><strong>Bandouli\u00e8re<\/strong> en textile \u00e9pais de 1,30 m\u00e8tre &#8211; r\u00e9glable et d\u00e9tachable sur un c\u00f4t\u00e9 avec clip rapide en m\u00e9tal &#8211; 2 passants en cuir.<\/p>\n<p><strong>Mati\u00e8res<\/strong> : cuir de vachette pleine fleur ou finition nubuck \/ cuir de ch\u00e8vre pleine fleur &#8211; Cuirs d&rsquo;origine fran\u00e7aise et italienne<\/p>\n<p><strong>Fermeture<\/strong> \u00e0 glissi\u00e8re en m\u00e9tal pour la poche principale<\/p>\n<p>Conception et montage complet r\u00e9alis\u00e9s dans mon atelier de <a href=\"https:\/\/g.co\/kgs\/5F8KUMY\" target=\"_blank\" rel=\"noopener\">Plomeur &#8211; 29120<\/a><\/p>\n<h4><span style=\"color: #811013;\">Mix-In est victime de son succ\u00e8s. La nouvelle collection est termin\u00e9e est sera mise en ligne tr\u00e8s prochainement.<\/span><\/h4>\n<p>En attendant, je vous invite \u00e0 consulter la cat\u00e9gorie<span style=\"color: #811013;\"> \u00ab\u00a0<a href=\"https:\/\/albaicin.fr\/index.php\/categorie-produit\/cuir\/\" target=\"_blank\" rel=\"noopener\">Grands sacs<\/a>\u00a0\u00bb <\/span>de ma boutique en ligne.<\/p>\n<p>Une commande personnalis\u00e9e ? Laissez-moi un <a href=\"https:\/\/albaicin.fr\/index.php\/creations-marches\/\">message dans le formulaire de contact<\/a>[\/vc_column_text][\/vc_column][\/vc_row][vc_row][vc_column][vc_separator color=\u00a0\u00bbcustom\u00a0\u00bb border_width=\u00a0\u00bb2&Prime; accent_color=\u00a0\u00bb#811013&Prime;][\/vc_column][\/vc_row][vc_row content_placement=\u00a0\u00bbmiddle\u00a0\u00bb][vc_column width=\u00a0\u00bb1\/6&Prime;][\/vc_column][vc_column width=\u00a0\u00bb2\/3&Prime;][vc_column_text]\n<p style=\"text-align: center;\">Cr\u00e9ations r\u00e9alis\u00e9es dans des cuirs pleine fleur avec une finition aniline ou semi-aniline ou l\u00e9g\u00e8rement pigment\u00e9e.<\/p>\n<p style=\"text-align: center;\">Afin de limiter les co\u00fbts et privil\u00e9gier le recyclage, de belles chutes de cuir ont \u00e9t\u00e9 utilis\u00e9es.<\/p>\n<p style=\"text-align: center;\">Le grand soin apport\u00e9 aux finitions assure la long\u00e9vit\u00e9 des produits.<\/p>\n<p style=\"text-align: center;\">La plupart des associations \u00e9tant uniques, nos \u00e9ditions sont limit\u00e9es.<\/p>\n[\/vc_column_text][\/vc_column][vc_column width=\u00a0\u00bb1\/6&Prime;][\/vc_column][\/vc_row][vc_row][vc_column][vc_separator color=\u00a0\u00bbcustom\u00a0\u00bb border_width=\u00a0\u00bb2&Prime; accent_color=\u00a0\u00bb#811013&Prime;][\/vc_column][\/vc_row]\n<\/div>","protected":false},"excerpt":{"rendered":"<p>[vc_row][vc_column][\/vc_column][\/vc_row][vc_section][vc_row][vc_column][vc_column_text css=\u00a0\u00bb\u00a0\u00bb] La sacoche Mix-In\u00a0 [\/vc_column_text][\/vc_column][\/vc_row][\/vc_section][vc_row gap=\u00a0\u00bb4&Prime;][vc_column width=\u00a0\u00bb1\/2&Prime;][vc_media_grid gap=\u00a0\u00bb10&Prime; item=\u00a0\u00bbmediaGrid_SimpleOverlay\u00a0\u00bb css=\u00a0\u00bb\u00a0\u00bb grid_id=\u00a0\u00bbvc_gid:1753196222039-57178958-4f9b-2&Prime; include=\u00a0\u00bb9757,9756,9758,9759,9421,9423,9422,9420,10364,10245,10361,9822,10365,10359,10356&Prime;][\/vc_column][vc_column width=\u00a0\u00bb1\/2&Prime;][vc_separator color=\u00a0\u00bbcustom\u00a0\u00bb border_width=\u00a0\u00bb2&Prime; accent_color=\u00a0\u00bb#811013&Prime;][vc_column_text css=\u00a0\u00bb\u00a0\u00bb] Des sacoches polyvalentes Cette sacoche se porte sous la poitrine ou au dos. Elle peut aussi se placer sur les hanches. Les &hellip; <a class=\"kt-excerpt-readmore\" href=\"https:\/\/albaicin.fr\/index.php\/sacoche\/\" aria-label=\"Mix-In\">Lire plus<\/a><\/p>\n","protected":false},"author":1,"featured_media":9556,"parent":0,"menu_order":0,"comment_status":"closed","ping_status":"closed","template":"page-fullwidth.php","meta":{"footnotes":""},"class_list":["post-9339","page","type-page","status-publish","has-post-thumbnail","hentry"],"yoast_head":"<!-- This site is optimized with the Yoast SEO plugin v27.4 - https:\/\/yoast.com\/product\/yoast-seo-wordpress\/ -->\n<title>sacoche pratique et \u00e9l\u00e9gante<\/title>\n<meta name=\"description\" content=\"Des sacoches revisit\u00e9s pour emporter votre tablette, petit ordinateur portable et tous vos accessoires indispensables.\" \/>\n<meta name=\"robots\" content=\"index, follow, max-snippet:-1, max-image-preview:large, max-video-preview:-1\" \/>\n<link rel=\"canonical\" href=\"https:\/\/albaicin.fr\/index.php\/sacoche\/\" \/>\n<meta property=\"og:locale\" content=\"fr_FR\" \/>\n<meta property=\"og:type\" content=\"article\" \/>\n<meta property=\"og:title\" content=\"sacoche pratique et \u00e9l\u00e9gante\" \/>\n<meta property=\"og:description\" content=\"Des sacoches revisit\u00e9s pour emporter votre tablette, petit ordinateur portable et tous vos accessoires indispensables.\" \/>\n<meta property=\"og:url\" content=\"https:\/\/albaicin.fr\/index.php\/sacoche\/\" \/>\n<meta property=\"og:site_name\" content=\"albaicin\" \/>\n<meta property=\"article:modified_time\" content=\"2025-07-22T15:12:51+00:00\" \/>\n<meta property=\"og:image\" content=\"https:\/\/albaicin.fr\/wp-content\/uploads\/2022\/05\/02032022-_MG_3703-800L-x-533.jpg\" \/>\n\t<meta property=\"og:image:width\" content=\"800\" \/>\n\t<meta property=\"og:image:height\" content=\"533\" \/>\n\t<meta property=\"og:image:type\" content=\"image\/jpeg\" \/>\n<meta name=\"twitter:card\" content=\"summary_large_image\" \/>\n<meta name=\"twitter:label1\" content=\"Dur\u00e9e de lecture estim\u00e9e\" \/>\n\t<meta name=\"twitter:data1\" content=\"2 minutes\" \/>\n<script type=\"application\/ld+json\" class=\"yoast-schema-graph\">{\"@context\":\"https:\\\/\\\/schema.org\",\"@graph\":[{\"@type\":\"WebPage\",\"@id\":\"https:\\\/\\\/albaicin.fr\\\/index.php\\\/sacoche\\\/\",\"url\":\"https:\\\/\\\/albaicin.fr\\\/index.php\\\/sacoche\\\/\",\"name\":\"sacoche pratique et \u00e9l\u00e9gante\",\"isPartOf\":{\"@id\":\"https:\\\/\\\/albaicin.fr\\\/#website\"},\"primaryImageOfPage\":{\"@id\":\"https:\\\/\\\/albaicin.fr\\\/index.php\\\/sacoche\\\/#primaryimage\"},\"image\":{\"@id\":\"https:\\\/\\\/albaicin.fr\\\/index.php\\\/sacoche\\\/#primaryimage\"},\"thumbnailUrl\":\"https:\\\/\\\/albaicin.fr\\\/wp-content\\\/uploads\\\/2022\\\/05\\\/02032022-_MG_3703-800L-x-533.jpg\",\"datePublished\":\"2022-05-01T15:21:29+00:00\",\"dateModified\":\"2025-07-22T15:12:51+00:00\",\"description\":\"Des sacoches revisit\u00e9s pour emporter votre tablette, petit ordinateur portable et tous vos accessoires indispensables.\",\"breadcrumb\":{\"@id\":\"https:\\\/\\\/albaicin.fr\\\/index.php\\\/sacoche\\\/#breadcrumb\"},\"inLanguage\":\"fr-FR\",\"potentialAction\":[{\"@type\":\"ReadAction\",\"target\":[\"https:\\\/\\\/albaicin.fr\\\/index.php\\\/sacoche\\\/\"]}]},{\"@type\":\"ImageObject\",\"inLanguage\":\"fr-FR\",\"@id\":\"https:\\\/\\\/albaicin.fr\\\/index.php\\\/sacoche\\\/#primaryimage\",\"url\":\"https:\\\/\\\/albaicin.fr\\\/wp-content\\\/uploads\\\/2022\\\/05\\\/02032022-_MG_3703-800L-x-533.jpg\",\"contentUrl\":\"https:\\\/\\\/albaicin.fr\\\/wp-content\\\/uploads\\\/2022\\\/05\\\/02032022-_MG_3703-800L-x-533.jpg\",\"width\":800,\"height\":533,\"caption\":\"Sac banane grand volume Cuir v\u00e9ritable\"},{\"@type\":\"BreadcrumbList\",\"@id\":\"https:\\\/\\\/albaicin.fr\\\/index.php\\\/sacoche\\\/#breadcrumb\",\"itemListElement\":[{\"@type\":\"ListItem\",\"position\":1,\"name\":\"Accueil\",\"item\":\"https:\\\/\\\/albaicin.fr\\\/\"},{\"@type\":\"ListItem\",\"position\":2,\"name\":\"Mix-In\"}]},{\"@type\":\"WebSite\",\"@id\":\"https:\\\/\\\/albaicin.fr\\\/#website\",\"url\":\"https:\\\/\\\/albaicin.fr\\\/\",\"name\":\"albaicin\",\"description\":\"Un site utilisant WordPress\",\"potentialAction\":[{\"@type\":\"SearchAction\",\"target\":{\"@type\":\"EntryPoint\",\"urlTemplate\":\"https:\\\/\\\/albaicin.fr\\\/?s={search_term_string}\"},\"query-input\":{\"@type\":\"PropertyValueSpecification\",\"valueRequired\":true,\"valueName\":\"search_term_string\"}}],\"inLanguage\":\"fr-FR\"}]}<\/script>\n<!-- \/ Yoast SEO plugin. -->","yoast_head_json":{"title":"sacoche pratique et \u00e9l\u00e9gante","description":"Des sacoches revisit\u00e9s pour emporter votre tablette, petit ordinateur portable et tous vos accessoires indispensables.","robots":{"index":"index","follow":"follow","max-snippet":"max-snippet:-1","max-image-preview":"max-image-preview:large","max-video-preview":"max-video-preview:-1"},"canonical":"https:\/\/albaicin.fr\/index.php\/sacoche\/","og_locale":"fr_FR","og_type":"article","og_title":"sacoche pratique et \u00e9l\u00e9gante","og_description":"Des sacoches revisit\u00e9s pour emporter votre tablette, petit ordinateur portable et tous vos accessoires indispensables.","og_url":"https:\/\/albaicin.fr\/index.php\/sacoche\/","og_site_name":"albaicin","article_modified_time":"2025-07-22T15:12:51+00:00","og_image":[{"width":800,"height":533,"url":"https:\/\/albaicin.fr\/wp-content\/uploads\/2022\/05\/02032022-_MG_3703-800L-x-533.jpg","type":"image\/jpeg"}],"twitter_card":"summary_large_image","twitter_misc":{"Dur\u00e9e de lecture estim\u00e9e":"2 minutes"},"schema":{"@context":"https:\/\/schema.org","@graph":[{"@type":"WebPage","@id":"https:\/\/albaicin.fr\/index.php\/sacoche\/","url":"https:\/\/albaicin.fr\/index.php\/sacoche\/","name":"sacoche pratique et \u00e9l\u00e9gante","isPartOf":{"@id":"https:\/\/albaicin.fr\/#website"},"primaryImageOfPage":{"@id":"https:\/\/albaicin.fr\/index.php\/sacoche\/#primaryimage"},"image":{"@id":"https:\/\/albaicin.fr\/index.php\/sacoche\/#primaryimage"},"thumbnailUrl":"https:\/\/albaicin.fr\/wp-content\/uploads\/2022\/05\/02032022-_MG_3703-800L-x-533.jpg","datePublished":"2022-05-01T15:21:29+00:00","dateModified":"2025-07-22T15:12:51+00:00","description":"Des sacoches revisit\u00e9s pour emporter votre tablette, petit ordinateur portable et tous vos accessoires indispensables.","breadcrumb":{"@id":"https:\/\/albaicin.fr\/index.php\/sacoche\/#breadcrumb"},"inLanguage":"fr-FR","potentialAction":[{"@type":"ReadAction","target":["https:\/\/albaicin.fr\/index.php\/sacoche\/"]}]},{"@type":"ImageObject","inLanguage":"fr-FR","@id":"https:\/\/albaicin.fr\/index.php\/sacoche\/#primaryimage","url":"https:\/\/albaicin.fr\/wp-content\/uploads\/2022\/05\/02032022-_MG_3703-800L-x-533.jpg","contentUrl":"https:\/\/albaicin.fr\/wp-content\/uploads\/2022\/05\/02032022-_MG_3703-800L-x-533.jpg","width":800,"height":533,"caption":"Sac banane grand volume Cuir v\u00e9ritable"},{"@type":"BreadcrumbList","@id":"https:\/\/albaicin.fr\/index.php\/sacoche\/#breadcrumb","itemListElement":[{"@type":"ListItem","position":1,"name":"Accueil","item":"https:\/\/albaicin.fr\/"},{"@type":"ListItem","position":2,"name":"Mix-In"}]},{"@type":"WebSite","@id":"https:\/\/albaicin.fr\/#website","url":"https:\/\/albaicin.fr\/","name":"albaicin","description":"Un site utilisant WordPress","potentialAction":[{"@type":"SearchAction","target":{"@type":"EntryPoint","urlTemplate":"https:\/\/albaicin.fr\/?s={search_term_string}"},"query-input":{"@type":"PropertyValueSpecification","valueRequired":true,"valueName":"search_term_string"}}],"inLanguage":"fr-FR"}]}},"_links":{"self":[{"href":"https:\/\/albaicin.fr\/index.php\/wp-json\/wp\/v2\/pages\/9339","targetHints":{"allow":["GET"]}}],"collection":[{"href":"https:\/\/albaicin.fr\/index.php\/wp-json\/wp\/v2\/pages"}],"about":[{"href":"https:\/\/albaicin.fr\/index.php\/wp-json\/wp\/v2\/types\/page"}],"author":[{"embeddable":true,"href":"https:\/\/albaicin.fr\/index.php\/wp-json\/wp\/v2\/users\/1"}],"replies":[{"embeddable":true,"href":"https:\/\/albaicin.fr\/index.php\/wp-json\/wp\/v2\/comments?post=9339"}],"version-history":[{"count":64,"href":"https:\/\/albaicin.fr\/index.php\/wp-json\/wp\/v2\/pages\/9339\/revisions"}],"predecessor-version":[{"id":11975,"href":"https:\/\/albaicin.fr\/index.php\/wp-json\/wp\/v2\/pages\/9339\/revisions\/11975"}],"wp:featuredmedia":[{"embeddable":true,"href":"https:\/\/albaicin.fr\/index.php\/wp-json\/wp\/v2\/media\/9556"}],"wp:attachment":[{"href":"https:\/\/albaicin.fr\/index.php\/wp-json\/wp\/v2\/media?parent=9339"}],"curies":[{"name":"wp","href":"https:\/\/api.w.org\/{rel}","templated":true}]}}