{"id":9846,"date":"2022-06-12T00:00:33","date_gmt":"2022-06-11T22:00:33","guid":{"rendered":"https:\/\/albaicin.fr\/?page_id=9846"},"modified":"2025-07-22T16:21:04","modified_gmt":"2025-07-22T14:21:04","slug":"etui-telephone","status":"publish","type":"page","link":"https:\/\/albaicin.fr\/index.php\/etui-telephone\/","title":{"rendered":"\u00c9tui pour t\u00e9l\u00e9phone"},"content":{"rendered":"<div class=\"wpb-content-wrapper\">[vc_row][vc_column][\/vc_column][\/vc_row][vc_row gap=\u00a0\u00bb4&Prime;][vc_column width=\u00a0\u00bb1\/2&Prime;][vc_media_grid gap=\u00a0\u00bb10&Prime; grid_id=\u00a0\u00bbvc_gid:1753193605097-e3e33717-5244-0&Prime; include=\u00a0\u00bb10169,10168,10167,10172,10166,10171,10170,10165,10164,9870,9777&Prime;][\/vc_column][vc_column width=\u00a0\u00bb1\/2&Prime;][vc_column_text css=\u00a0\u00bb\u00a0\u00bb]\n<h4><span style=\"color: #811013;\">\u00c9tui pour t\u00e9l\u00e9phone XL avec poche carte de cr\u00e9dit \u00e0 l&rsquo;arri\u00e8re<\/span><\/h4>\n<p>Cet \u00e9tui est con\u00e7u pour embarquer votre t\u00e9l\u00e9phone et vos cartes tout pr\u00e8s de vous en gardant vos mains libres.<\/p>\n<p>R\u00e9alis\u00e9 dans un cuir de veau, soyeux et souple avec des associations de couleurs parfois audacieuses, parfois plus sobres. Vous trouverez l&rsquo;\u00e9tui qui vous correspond !<\/p>\n<p>Au choix, vous le portez autour du cou ou en bandouli\u00e8re gr\u00e2ce au cordon r\u00e9glable \u00e0 l&rsquo;aide du stop cordon en cuir.<\/p>\n<p>Sortez votre t\u00e9l\u00e9phone rapidement en tirant la patte int\u00e9rieure mobile.<\/p>\n<p>Un bouton pression s\u00e9curise votre t\u00e9l\u00e9phone.<\/p>\n<p>Dimensions : Larg 11 cm x 18,5 cm haut<\/p>\n<p>R\u00e9alis\u00e9e en cuir de veau Swift pour la poche et ch\u00e8vre Mysore pour les renforts.<\/p>\n<p>Le cordon type Paracord, tr\u00e8s solide, est choisi dans un coloris en accord avec les tons de l&rsquo;\u00e9tui.<\/p>\n<p>Les \u00e9tuis sont con\u00e7us et produits dans <a href=\"https:\/\/g.co\/kgs\/5F8KUMY\" target=\"_blank\" rel=\"noopener\">mon atelier de Plomeur<\/a>, \u00e0 la main et avec passion.<\/p>\n<p>Commander l&rsquo;\u00e9tui \u00e0 vos couleurs de cuir en remplissant le <a href=\"https:\/\/albaicin.fr\/index.php\/creations-marches\/\" target=\"_blank\" rel=\"noopener\">formulaire de contact.<\/a><\/p>\n<p><a href=\"https:\/\/albaicin.fr\/index.php\/produit\/etui-telephone\/\" target=\"_blank\" rel=\"noopener\">Trouver votre \u00e9tui de t\u00e9l\u00e9phone dans la boutique en ligne<\/a>[\/vc_column_text][vc_separator color=\u00a0\u00bbcustom\u00a0\u00bb accent_color=\u00a0\u00bb#811013&Prime;][\/vc_column][\/vc_row][vc_row][vc_column width=\u00a0\u00bb1\/2&Prime;][\/vc_column][vc_column width=\u00a0\u00bb1\/2&Prime;][\/vc_column][\/vc_row][vc_section][vc_row][vc_column][vc_separator color=\u00a0\u00bbcustom\u00a0\u00bb border_width=\u00a0\u00bb2&Prime; accent_color=\u00a0\u00bb#811013&Prime;][\/vc_column][\/vc_row][\/vc_section][vc_row content_placement=\u00a0\u00bbmiddle\u00a0\u00bb][vc_column width=\u00a0\u00bb1\/6&Prime;][\/vc_column][vc_column width=\u00a0\u00bb2\/3&Prime;][vc_column_text]\n<p style=\"text-align: center;\">Cr\u00e9ations r\u00e9alis\u00e9es dans des cuirs pleine fleur avec une finition aniline ou semi-aniline ou l\u00e9g\u00e8rement pigment\u00e9e.<\/p>\n<p style=\"text-align: center;\">Afin de limiter les co\u00fbts et privil\u00e9gier le recyclage, de belles chutes de cuir ont \u00e9t\u00e9 utilis\u00e9es.<\/p>\n<p style=\"text-align: center;\">Le grand soin apport\u00e9 aux finitions assure la long\u00e9vit\u00e9 des produits.<\/p>\n<p style=\"text-align: center;\">La plupart des associations \u00e9tant uniques, nos \u00e9ditions sont limit\u00e9es.<\/p>\n[\/vc_column_text][\/vc_column][vc_column width=\u00a0\u00bb1\/6&Prime;][\/vc_column][vc_column][\/vc_column][\/vc_row]\n<\/div>","protected":false},"excerpt":{"rendered":"<p>[vc_row][vc_column][\/vc_column][\/vc_row][vc_row gap=\u00a0\u00bb4&Prime;][vc_column width=\u00a0\u00bb1\/2&Prime;][vc_media_grid gap=\u00a0\u00bb10&Prime; grid_id=\u00a0\u00bbvc_gid:1753193605097-e3e33717-5244-0&Prime; include=\u00a0\u00bb10169,10168,10167,10172,10166,10171,10170,10165,10164,9870,9777&Prime;][\/vc_column][vc_column width=\u00a0\u00bb1\/2&Prime;][vc_column_text css=\u00a0\u00bb\u00a0\u00bb] \u00c9tui pour t\u00e9l\u00e9phone XL avec poche carte de cr\u00e9dit \u00e0 l&rsquo;arri\u00e8re Cet \u00e9tui est con\u00e7u pour embarquer votre t\u00e9l\u00e9phone et vos cartes tout pr\u00e8s de vous en gardant vos mains libres. R\u00e9alis\u00e9 &hellip; <a class=\"kt-excerpt-readmore\" href=\"https:\/\/albaicin.fr\/index.php\/etui-telephone\/\" aria-label=\"\u00c9tui pour t\u00e9l\u00e9phone\">Lire plus<\/a><\/p>\n","protected":false},"author":1,"featured_media":9870,"parent":0,"menu_order":0,"comment_status":"closed","ping_status":"closed","template":"page-fullwidth.php","meta":{"footnotes":""},"class_list":["post-9846","page","type-page","status-publish","has-post-thumbnail","hentry"],"yoast_head":"<!-- This site is optimized with the Yoast SEO plugin v27.4 - https:\/\/yoast.com\/product\/yoast-seo-wordpress\/ -->\n<title>Un \u00e9tui pour votre t\u00e9l\u00e9phone et une poche carte. Cordon r\u00e9glable.<\/title>\n<meta name=\"description\" content=\"Un \u00e9tui de t\u00e9l\u00e9phone \u00e0 porter autour du cou et en bandouli\u00e8re gr\u00e2ce \u00e0 son cordon r\u00e9glable. A l&#039;arri\u00e8re une poche pour carte de cr\u00e9dit.\" \/>\n<meta name=\"robots\" content=\"index, follow, max-snippet:-1, max-image-preview:large, max-video-preview:-1\" \/>\n<link rel=\"canonical\" href=\"https:\/\/albaicin.fr\/index.php\/etui-telephone\/\" \/>\n<meta property=\"og:locale\" content=\"fr_FR\" \/>\n<meta property=\"og:type\" content=\"article\" \/>\n<meta property=\"og:title\" content=\"Un \u00e9tui pour votre t\u00e9l\u00e9phone et une poche carte. Cordon r\u00e9glable.\" \/>\n<meta property=\"og:description\" content=\"Un \u00e9tui de t\u00e9l\u00e9phone \u00e0 porter autour du cou et en bandouli\u00e8re gr\u00e2ce \u00e0 son cordon r\u00e9glable. A l&#039;arri\u00e8re une poche pour carte de cr\u00e9dit.\" \/>\n<meta property=\"og:url\" content=\"https:\/\/albaicin.fr\/index.php\/etui-telephone\/\" \/>\n<meta property=\"og:site_name\" content=\"albaicin\" \/>\n<meta property=\"article:modified_time\" content=\"2025-07-22T14:21:04+00:00\" \/>\n<meta property=\"og:image\" content=\"https:\/\/albaicin.fr\/wp-content\/uploads\/2022\/06\/A7_6393-960x960-2.jpg\" \/>\n\t<meta property=\"og:image:width\" content=\"960\" \/>\n\t<meta property=\"og:image:height\" content=\"960\" \/>\n\t<meta property=\"og:image:type\" content=\"image\/jpeg\" \/>\n<meta name=\"twitter:card\" content=\"summary_large_image\" \/>\n<meta name=\"twitter:label1\" content=\"Dur\u00e9e de lecture estim\u00e9e\" \/>\n\t<meta name=\"twitter:data1\" content=\"2 minutes\" \/>\n<script type=\"application\/ld+json\" class=\"yoast-schema-graph\">{\"@context\":\"https:\\\/\\\/schema.org\",\"@graph\":[{\"@type\":\"WebPage\",\"@id\":\"https:\\\/\\\/albaicin.fr\\\/index.php\\\/etui-telephone\\\/\",\"url\":\"https:\\\/\\\/albaicin.fr\\\/index.php\\\/etui-telephone\\\/\",\"name\":\"Un \u00e9tui pour votre t\u00e9l\u00e9phone et une poche carte. Cordon r\u00e9glable.\",\"isPartOf\":{\"@id\":\"https:\\\/\\\/albaicin.fr\\\/#website\"},\"primaryImageOfPage\":{\"@id\":\"https:\\\/\\\/albaicin.fr\\\/index.php\\\/etui-telephone\\\/#primaryimage\"},\"image\":{\"@id\":\"https:\\\/\\\/albaicin.fr\\\/index.php\\\/etui-telephone\\\/#primaryimage\"},\"thumbnailUrl\":\"https:\\\/\\\/albaicin.fr\\\/wp-content\\\/uploads\\\/2022\\\/06\\\/A7_6393-960x960-2.jpg\",\"datePublished\":\"2022-06-11T22:00:33+00:00\",\"dateModified\":\"2025-07-22T14:21:04+00:00\",\"description\":\"Un \u00e9tui de t\u00e9l\u00e9phone \u00e0 porter autour du cou et en bandouli\u00e8re gr\u00e2ce \u00e0 son cordon r\u00e9glable. A l'arri\u00e8re une poche pour carte de cr\u00e9dit.\",\"breadcrumb\":{\"@id\":\"https:\\\/\\\/albaicin.fr\\\/index.php\\\/etui-telephone\\\/#breadcrumb\"},\"inLanguage\":\"fr-FR\",\"potentialAction\":[{\"@type\":\"ReadAction\",\"target\":[\"https:\\\/\\\/albaicin.fr\\\/index.php\\\/etui-telephone\\\/\"]}]},{\"@type\":\"ImageObject\",\"inLanguage\":\"fr-FR\",\"@id\":\"https:\\\/\\\/albaicin.fr\\\/index.php\\\/etui-telephone\\\/#primaryimage\",\"url\":\"https:\\\/\\\/albaicin.fr\\\/wp-content\\\/uploads\\\/2022\\\/06\\\/A7_6393-960x960-2.jpg\",\"contentUrl\":\"https:\\\/\\\/albaicin.fr\\\/wp-content\\\/uploads\\\/2022\\\/06\\\/A7_6393-960x960-2.jpg\",\"width\":960,\"height\":960,\"caption\":\"\u00e9tui t\u00e9l\u00e9phone\"},{\"@type\":\"BreadcrumbList\",\"@id\":\"https:\\\/\\\/albaicin.fr\\\/index.php\\\/etui-telephone\\\/#breadcrumb\",\"itemListElement\":[{\"@type\":\"ListItem\",\"position\":1,\"name\":\"Accueil\",\"item\":\"https:\\\/\\\/albaicin.fr\\\/\"},{\"@type\":\"ListItem\",\"position\":2,\"name\":\"\u00c9tui pour t\u00e9l\u00e9phone\"}]},{\"@type\":\"WebSite\",\"@id\":\"https:\\\/\\\/albaicin.fr\\\/#website\",\"url\":\"https:\\\/\\\/albaicin.fr\\\/\",\"name\":\"albaicin\",\"description\":\"Un site utilisant WordPress\",\"potentialAction\":[{\"@type\":\"SearchAction\",\"target\":{\"@type\":\"EntryPoint\",\"urlTemplate\":\"https:\\\/\\\/albaicin.fr\\\/?s={search_term_string}\"},\"query-input\":{\"@type\":\"PropertyValueSpecification\",\"valueRequired\":true,\"valueName\":\"search_term_string\"}}],\"inLanguage\":\"fr-FR\"}]}<\/script>\n<!-- \/ Yoast SEO plugin. -->","yoast_head_json":{"title":"Un \u00e9tui pour votre t\u00e9l\u00e9phone et une poche carte. Cordon r\u00e9glable.","description":"Un \u00e9tui de t\u00e9l\u00e9phone \u00e0 porter autour du cou et en bandouli\u00e8re gr\u00e2ce \u00e0 son cordon r\u00e9glable. A l'arri\u00e8re une poche pour carte de cr\u00e9dit.","robots":{"index":"index","follow":"follow","max-snippet":"max-snippet:-1","max-image-preview":"max-image-preview:large","max-video-preview":"max-video-preview:-1"},"canonical":"https:\/\/albaicin.fr\/index.php\/etui-telephone\/","og_locale":"fr_FR","og_type":"article","og_title":"Un \u00e9tui pour votre t\u00e9l\u00e9phone et une poche carte. Cordon r\u00e9glable.","og_description":"Un \u00e9tui de t\u00e9l\u00e9phone \u00e0 porter autour du cou et en bandouli\u00e8re gr\u00e2ce \u00e0 son cordon r\u00e9glable. A l'arri\u00e8re une poche pour carte de cr\u00e9dit.","og_url":"https:\/\/albaicin.fr\/index.php\/etui-telephone\/","og_site_name":"albaicin","article_modified_time":"2025-07-22T14:21:04+00:00","og_image":[{"width":960,"height":960,"url":"https:\/\/albaicin.fr\/wp-content\/uploads\/2022\/06\/A7_6393-960x960-2.jpg","type":"image\/jpeg"}],"twitter_card":"summary_large_image","twitter_misc":{"Dur\u00e9e de lecture estim\u00e9e":"2 minutes"},"schema":{"@context":"https:\/\/schema.org","@graph":[{"@type":"WebPage","@id":"https:\/\/albaicin.fr\/index.php\/etui-telephone\/","url":"https:\/\/albaicin.fr\/index.php\/etui-telephone\/","name":"Un \u00e9tui pour votre t\u00e9l\u00e9phone et une poche carte. Cordon r\u00e9glable.","isPartOf":{"@id":"https:\/\/albaicin.fr\/#website"},"primaryImageOfPage":{"@id":"https:\/\/albaicin.fr\/index.php\/etui-telephone\/#primaryimage"},"image":{"@id":"https:\/\/albaicin.fr\/index.php\/etui-telephone\/#primaryimage"},"thumbnailUrl":"https:\/\/albaicin.fr\/wp-content\/uploads\/2022\/06\/A7_6393-960x960-2.jpg","datePublished":"2022-06-11T22:00:33+00:00","dateModified":"2025-07-22T14:21:04+00:00","description":"Un \u00e9tui de t\u00e9l\u00e9phone \u00e0 porter autour du cou et en bandouli\u00e8re gr\u00e2ce \u00e0 son cordon r\u00e9glable. A l'arri\u00e8re une poche pour carte de cr\u00e9dit.","breadcrumb":{"@id":"https:\/\/albaicin.fr\/index.php\/etui-telephone\/#breadcrumb"},"inLanguage":"fr-FR","potentialAction":[{"@type":"ReadAction","target":["https:\/\/albaicin.fr\/index.php\/etui-telephone\/"]}]},{"@type":"ImageObject","inLanguage":"fr-FR","@id":"https:\/\/albaicin.fr\/index.php\/etui-telephone\/#primaryimage","url":"https:\/\/albaicin.fr\/wp-content\/uploads\/2022\/06\/A7_6393-960x960-2.jpg","contentUrl":"https:\/\/albaicin.fr\/wp-content\/uploads\/2022\/06\/A7_6393-960x960-2.jpg","width":960,"height":960,"caption":"\u00e9tui t\u00e9l\u00e9phone"},{"@type":"BreadcrumbList","@id":"https:\/\/albaicin.fr\/index.php\/etui-telephone\/#breadcrumb","itemListElement":[{"@type":"ListItem","position":1,"name":"Accueil","item":"https:\/\/albaicin.fr\/"},{"@type":"ListItem","position":2,"name":"\u00c9tui pour t\u00e9l\u00e9phone"}]},{"@type":"WebSite","@id":"https:\/\/albaicin.fr\/#website","url":"https:\/\/albaicin.fr\/","name":"albaicin","description":"Un site utilisant WordPress","potentialAction":[{"@type":"SearchAction","target":{"@type":"EntryPoint","urlTemplate":"https:\/\/albaicin.fr\/?s={search_term_string}"},"query-input":{"@type":"PropertyValueSpecification","valueRequired":true,"valueName":"search_term_string"}}],"inLanguage":"fr-FR"}]}},"_links":{"self":[{"href":"https:\/\/albaicin.fr\/index.php\/wp-json\/wp\/v2\/pages\/9846","targetHints":{"allow":["GET"]}}],"collection":[{"href":"https:\/\/albaicin.fr\/index.php\/wp-json\/wp\/v2\/pages"}],"about":[{"href":"https:\/\/albaicin.fr\/index.php\/wp-json\/wp\/v2\/types\/page"}],"author":[{"embeddable":true,"href":"https:\/\/albaicin.fr\/index.php\/wp-json\/wp\/v2\/users\/1"}],"replies":[{"embeddable":true,"href":"https:\/\/albaicin.fr\/index.php\/wp-json\/wp\/v2\/comments?post=9846"}],"version-history":[{"count":39,"href":"https:\/\/albaicin.fr\/index.php\/wp-json\/wp\/v2\/pages\/9846\/revisions"}],"predecessor-version":[{"id":11966,"href":"https:\/\/albaicin.fr\/index.php\/wp-json\/wp\/v2\/pages\/9846\/revisions\/11966"}],"wp:featuredmedia":[{"embeddable":true,"href":"https:\/\/albaicin.fr\/index.php\/wp-json\/wp\/v2\/media\/9870"}],"wp:attachment":[{"href":"https:\/\/albaicin.fr\/index.php\/wp-json\/wp\/v2\/media?parent=9846"}],"curies":[{"name":"wp","href":"https:\/\/api.w.org\/{rel}","templated":true}]}}