{"id":11348,"date":"2024-12-03T20:12:54","date_gmt":"2024-12-03T19:12:54","guid":{"rendered":"https:\/\/albaicin.fr\/?post_type=product&#038;p=11348"},"modified":"2026-01-10T11:28:04","modified_gmt":"2026-01-10T10:28:04","slug":"etui-telephone","status":"publish","type":"product","link":"https:\/\/albaicin.fr\/index.php\/produit\/etui-telephone\/","title":{"rendered":"Smart L+ Etui de t\u00e9l\u00e9phone"},"content":{"rendered":"<div class=\"wpb-content-wrapper\">[vc_row][vc_column][vc_column_text css=\u00a0\u00bb\u00a0\u00bb]\n<h3>\u00c9tui pour t\u00e9l\u00e9phone en cuir pleine fleur : \u00e9l\u00e9gance et praticit\u00e9 au quotidien<\/h3>\n<p>Cet \u00e9tui pour t\u00e9l\u00e9phone<strong> tous formats<\/strong> est pens\u00e9 pour ceux qui souhaitent garder leurs essentiels \u00e0 port\u00e9e de main tout en conservant une totale libert\u00e9 de mouvement. Gr\u00e2ce \u00e0 son design pratique et \u00e9l\u00e9gant, il est id\u00e9al pour transporter \u00e0 la fois votre t\u00e9l\u00e9phone avec votre carte de cr\u00e9dit (au dos).<\/p>\n<h3>Design fonctionnel et raffin\u00e9<\/h3>\n<p>Con\u00e7u en <strong>cuir de veau pleine fleur<\/strong>, \u00e0 la fois souple et soyeux, cet \u00e9tui se distingue par ses <strong>associations de couleurs vari\u00e9es. <\/strong>Des\u00a0tons audacieux pour les esprits cr\u00e9atifs ou des teintes plus sobres pour un style classique. Quelle que soit votre personnalit\u00e9, vous trouverez l\u2019\u00e9tui qui vous correspond parfaitement.<\/p>\n<p>L\u2019arri\u00e8re de l\u2019\u00e9tui est \u00e9quip\u00e9 d\u2019une <strong>poche carte de cr\u00e9dit<\/strong>, pratique pour ranger cartes bancaires, titre de transport ou carte d\u2019acc\u00e8s, vous permettant ainsi de garder vos mains libres.<\/p>\n<h3>Portabilit\u00e9 et s\u00e9curit\u00e9<\/h3>\n<p>Port\u00e9 autour du cou ou en bandouli\u00e8re gr\u00e2ce \u00e0 son <strong>long<\/strong> <strong>cordon ajustable<\/strong>, cet \u00e9tui s\u2019adapte \u00e0 vos besoins. Le cordon est r\u00e9alis\u00e9 en <strong>Paracord solide<\/strong>, r\u00e9glable avec un stop cordon en cuir, pour un ajustement parfait et un confort optimal.<\/p>\n<p>L\u2019acc\u00e8s \u00e0 votre t\u00e9l\u00e9phone est facilit\u00e9 par une <strong>patte int\u00e9rieure mobile<\/strong> : il vous suffit de tirer pour sortir rapidement votre appareil. Le tout est s\u00e9curis\u00e9 par un <strong>bouton-pression<\/strong>, garantissant que votre t\u00e9l\u00e9phone reste bien en place.<\/p>\n<h3>Caract\u00e9ristiques techniques :<\/h3>\n<ul>\n<li><strong>Dimensions<\/strong> : 11 cm de large x 18,5 cm de haut.<\/li>\n<li><strong>Mat\u00e9riaux<\/strong> :\n<ul>\n<li>Poche principale en cuir de veau pleine fleur, reconnu pour sa douceur exceptionnelle.<\/li>\n<li>Le cuir \u00ab\u00a0secondaire\u00a0\u00bb en cuir de ch\u00e8vre Mysore, offre \u00e9l\u00e9gance, r\u00e9sistance et originalit\u00e9.<\/li>\n<\/ul>\n<\/li>\n<li><strong>Cordon<\/strong> : Paracord solide assorti, r\u00e9glable avec un stop cordon en cuir.<\/li>\n<\/ul>\n<h3>Artisanat sur mesure et qualit\u00e9 sup\u00e9rieure<\/h3>\n<p>Chaque \u00e9tui est r\u00e9alis\u00e9 \u00e0 la main dans mon atelier \u00e0 <strong>Plomeur. <\/strong>J&rsquo;utilise uniquement des cuirs pleine fleur provenant de tanneries italiennes ou fran\u00e7aise. Vous avez \u00e9galement la possibilit\u00e9 de <strong>personnaliser les couleurs<\/strong> de votre \u00e9tui, ou les coordonner avec l\u2019un de mes sacs pour une parfaite harmonie.<\/p>\n<h3>Entretien et conseils<\/h3>\n<p>Pour pr\u00e9server la beaut\u00e9 de votre \u00e9tui en cuir, hydratez le r\u00e9guli\u00e8rement avec un lait naturel sp\u00e9cial cuir. \u00c9vitez une exposition prolong\u00e9e au soleil ou \u00e0 l\u2019humidit\u00e9 excessive. En cas de tache, nettoyez d\u00e9licatement avec un chiffon doux l\u00e9g\u00e8rement humidifi\u00e9. Il est possible de savonner d\u00e9licatement avec un peu d&rsquo;eau. Laissez s\u00e9cher \u00e0 l&rsquo;air.<\/p>\n<h4>Envie d\u2019un \u00e9tui sur mesure ?<\/h4>\n<p><a href=\"https:\/\/albaicin.fr\/index.php\/creations-marches\/\" target=\"_blank\" rel=\"noopener\">Contactez moi<\/a> pour d\u00e9finir ensemble vos couleurs pr\u00e9f\u00e9r\u00e9es. L\u2019envoi est possible partout en France m\u00e9tropolitaine : il suffit de me laisser vos coordonn\u00e9es.<\/p>\n<p>En bas de cette page, abonnez-vous afin de recevoir la Newsletter\u00a0 et b\u00e9n\u00e9ficier des promotions !<\/p>\n<h4>Livraison soign\u00e9e<\/h4>\n<p>Chaque \u00e9tui est livr\u00e9 dans un pochon en coton sigl\u00e9 et lavable, parfait pour le rangement ou le transport.<\/p>\n<h4>Note importante<\/h4>\n<p>Malgr\u00e9 le soin apport\u00e9 aux prises de vue, on peut constater une l\u00e9g\u00e8re diff\u00e9rence entre la couleur r\u00e9elle du cuir et son rendu num\u00e9rique.<\/p>\n<p>&nbsp;<\/p>\n<p>Conception et montage complet r\u00e9alis\u00e9s dans <a href=\"https:\/\/g.co\/kgs\/5F8KUMY\">mon atelier de Plomeur (29120)<\/a><\/p>\n<p>&nbsp;<\/p>\n<p><a href=\"https:\/\/albaicin.fr\/index.php\/conditions-generales-vente\/\">Consulter les CGV<\/a><\/p>\n<p><a href=\"https:\/\/albaicin.fr\/index.php\/albaicin-creations-artisanales-maroquinerie-atelier-cuir-pochettes-sacs-artisan-mode\/\">O\u00f9 trouver mes cr\u00e9ations en Finist\u00e8re sud ?<\/a>[\/vc_column_text][\/vc_column][\/vc_row]\n<\/div>","protected":false},"excerpt":{"rendered":"<p>Cet \u00e9tui gardera votre t\u00e9l\u00e9phone en toute s\u00e9curit\u00e9<\/p>\n<p>Une poche format carte compl\u00e8te cet accessoire \u00e9l\u00e9gant<\/p>\n<p>Parcourez la galerie de photos pour voir l&rsquo;envers !<\/p>\n<p><span style=\"color: #ffffff;\">[hr style=\"line\" size=\"1px\"]<\/span>&hellip; <a class=\"kt-excerpt-readmore\" href=\"https:\/\/albaicin.fr\/index.php\/produit\/etui-telephone\/\" aria-label=\"Smart L+ Etui de t\u00e9l\u00e9phone\">Lire plus<\/a><\/p>\n","protected":false},"featured_media":11349,"comment_status":"open","ping_status":"closed","template":"","meta":[],"product_brand":[],"product_cat":[30,127,137],"product_tag":[156,116,245,243,244],"class_list":{"0":"post-11348","1":"product","2":"type-product","3":"status-publish","4":"has-post-thumbnail","6":"product_cat-telephone-lunettes","7":"product_cat-portefeuilles","8":"product_cat-argent","9":"product_tag-carte","10":"product_tag-etui","11":"product_tag-randonnee","12":"product_tag-telephone","13":"product_tag-tour-de-cou","15":"first","16":"instock","17":"shipping-taxable","18":"purchasable","19":"product-type-variable"},"yoast_head":"<!-- This site is optimized with the Yoast SEO plugin v27.4 - https:\/\/yoast.com\/product\/yoast-seo-wordpress\/ -->\n<title>Un \u00e9tui pour votre t\u00e9l\u00e9phone<\/title>\n<meta name=\"description\" content=\"Pas de poche ? Cet \u00e9tui accueillera votre t\u00e9l\u00e9phone en toute s\u00e9curit\u00e9. Vous pourrez m\u00eame glisser une carte de cr\u00e9dit au dos de l&#039;\u00e9tui.\" \/>\n<meta name=\"robots\" content=\"index, follow, max-snippet:-1, max-image-preview:large, max-video-preview:-1\" \/>\n<link rel=\"canonical\" href=\"https:\/\/albaicin.fr\/index.php\/produit\/etui-telephone\/\" \/>\n<meta property=\"og:locale\" content=\"fr_FR\" \/>\n<meta property=\"og:type\" content=\"article\" \/>\n<meta property=\"og:title\" content=\"Un \u00e9tui pour votre t\u00e9l\u00e9phone\" \/>\n<meta property=\"og:description\" content=\"Pas de poche ? Cet \u00e9tui accueillera votre t\u00e9l\u00e9phone en toute s\u00e9curit\u00e9. Vous pourrez m\u00eame glisser une carte de cr\u00e9dit au dos de l&#039;\u00e9tui.\" \/>\n<meta property=\"og:url\" content=\"https:\/\/albaicin.fr\/index.php\/produit\/etui-telephone\/\" \/>\n<meta property=\"og:site_name\" content=\"albaicin\" \/>\n<meta property=\"article:modified_time\" content=\"2026-01-10T10:28:04+00:00\" \/>\n<meta property=\"og:image\" content=\"https:\/\/albaicin.fr\/wp-content\/uploads\/2024\/12\/Image-Produit_SmartL.jpg\" \/>\n\t<meta property=\"og:image:width\" content=\"800\" \/>\n\t<meta property=\"og:image:height\" content=\"800\" \/>\n\t<meta property=\"og:image:type\" content=\"image\/jpeg\" \/>\n<meta name=\"twitter:card\" content=\"summary_large_image\" \/>\n<meta name=\"twitter:label1\" content=\"Dur\u00e9e de lecture estim\u00e9e\" \/>\n\t<meta name=\"twitter:data1\" content=\"3 minutes\" \/>\n<script type=\"application\/ld+json\" class=\"yoast-schema-graph\">{\"@context\":\"https:\\\/\\\/schema.org\",\"@graph\":[{\"@type\":\"WebPage\",\"@id\":\"https:\\\/\\\/albaicin.fr\\\/index.php\\\/produit\\\/etui-telephone\\\/\",\"url\":\"https:\\\/\\\/albaicin.fr\\\/index.php\\\/produit\\\/etui-telephone\\\/\",\"name\":\"Un \u00e9tui pour votre t\u00e9l\u00e9phone\",\"isPartOf\":{\"@id\":\"https:\\\/\\\/albaicin.fr\\\/#website\"},\"primaryImageOfPage\":{\"@id\":\"https:\\\/\\\/albaicin.fr\\\/index.php\\\/produit\\\/etui-telephone\\\/#primaryimage\"},\"image\":{\"@id\":\"https:\\\/\\\/albaicin.fr\\\/index.php\\\/produit\\\/etui-telephone\\\/#primaryimage\"},\"thumbnailUrl\":\"https:\\\/\\\/albaicin.fr\\\/wp-content\\\/uploads\\\/2024\\\/12\\\/Image-Produit_SmartL.jpg\",\"datePublished\":\"2024-12-03T19:12:54+00:00\",\"dateModified\":\"2026-01-10T10:28:04+00:00\",\"description\":\"Pas de poche ? Cet \u00e9tui accueillera votre t\u00e9l\u00e9phone en toute s\u00e9curit\u00e9. Vous pourrez m\u00eame glisser une carte de cr\u00e9dit au dos de l'\u00e9tui.\",\"breadcrumb\":{\"@id\":\"https:\\\/\\\/albaicin.fr\\\/index.php\\\/produit\\\/etui-telephone\\\/#breadcrumb\"},\"inLanguage\":\"fr-FR\",\"potentialAction\":[{\"@type\":\"ReadAction\",\"target\":[\"https:\\\/\\\/albaicin.fr\\\/index.php\\\/produit\\\/etui-telephone\\\/\"]}]},{\"@type\":\"ImageObject\",\"inLanguage\":\"fr-FR\",\"@id\":\"https:\\\/\\\/albaicin.fr\\\/index.php\\\/produit\\\/etui-telephone\\\/#primaryimage\",\"url\":\"https:\\\/\\\/albaicin.fr\\\/wp-content\\\/uploads\\\/2024\\\/12\\\/Image-Produit_SmartL.jpg\",\"contentUrl\":\"https:\\\/\\\/albaicin.fr\\\/wp-content\\\/uploads\\\/2024\\\/12\\\/Image-Produit_SmartL.jpg\",\"width\":800,\"height\":800,\"caption\":\"\u00e9tui t\u00e9l\u00e9phone\"},{\"@type\":\"BreadcrumbList\",\"@id\":\"https:\\\/\\\/albaicin.fr\\\/index.php\\\/produit\\\/etui-telephone\\\/#breadcrumb\",\"itemListElement\":[{\"@type\":\"ListItem\",\"position\":1,\"name\":\"Accueil\",\"item\":\"https:\\\/\\\/albaicin.fr\\\/\"},{\"@type\":\"ListItem\",\"position\":2,\"name\":\"Boutique albaicin\",\"item\":\"https:\\\/\\\/albaicin.fr\\\/index.php\\\/boutique-albaicin\\\/\"},{\"@type\":\"ListItem\",\"position\":3,\"name\":\"Smart L+ Etui de t\u00e9l\u00e9phone\"}]},{\"@type\":\"WebSite\",\"@id\":\"https:\\\/\\\/albaicin.fr\\\/#website\",\"url\":\"https:\\\/\\\/albaicin.fr\\\/\",\"name\":\"albaicin\",\"description\":\"Un site utilisant WordPress\",\"potentialAction\":[{\"@type\":\"SearchAction\",\"target\":{\"@type\":\"EntryPoint\",\"urlTemplate\":\"https:\\\/\\\/albaicin.fr\\\/?s={search_term_string}\"},\"query-input\":{\"@type\":\"PropertyValueSpecification\",\"valueRequired\":true,\"valueName\":\"search_term_string\"}}],\"inLanguage\":\"fr-FR\"}]}<\/script>\n<!-- \/ Yoast SEO plugin. -->","yoast_head_json":{"title":"Un \u00e9tui pour votre t\u00e9l\u00e9phone","description":"Pas de poche ? Cet \u00e9tui accueillera votre t\u00e9l\u00e9phone en toute s\u00e9curit\u00e9. Vous pourrez m\u00eame glisser une carte de cr\u00e9dit au dos de l'\u00e9tui.","robots":{"index":"index","follow":"follow","max-snippet":"max-snippet:-1","max-image-preview":"max-image-preview:large","max-video-preview":"max-video-preview:-1"},"canonical":"https:\/\/albaicin.fr\/index.php\/produit\/etui-telephone\/","og_locale":"fr_FR","og_type":"article","og_title":"Un \u00e9tui pour votre t\u00e9l\u00e9phone","og_description":"Pas de poche ? Cet \u00e9tui accueillera votre t\u00e9l\u00e9phone en toute s\u00e9curit\u00e9. Vous pourrez m\u00eame glisser une carte de cr\u00e9dit au dos de l'\u00e9tui.","og_url":"https:\/\/albaicin.fr\/index.php\/produit\/etui-telephone\/","og_site_name":"albaicin","article_modified_time":"2026-01-10T10:28:04+00:00","og_image":[{"width":800,"height":800,"url":"https:\/\/albaicin.fr\/wp-content\/uploads\/2024\/12\/Image-Produit_SmartL.jpg","type":"image\/jpeg"}],"twitter_card":"summary_large_image","twitter_misc":{"Dur\u00e9e de lecture estim\u00e9e":"3 minutes"},"schema":{"@context":"https:\/\/schema.org","@graph":[{"@type":"WebPage","@id":"https:\/\/albaicin.fr\/index.php\/produit\/etui-telephone\/","url":"https:\/\/albaicin.fr\/index.php\/produit\/etui-telephone\/","name":"Un \u00e9tui pour votre t\u00e9l\u00e9phone","isPartOf":{"@id":"https:\/\/albaicin.fr\/#website"},"primaryImageOfPage":{"@id":"https:\/\/albaicin.fr\/index.php\/produit\/etui-telephone\/#primaryimage"},"image":{"@id":"https:\/\/albaicin.fr\/index.php\/produit\/etui-telephone\/#primaryimage"},"thumbnailUrl":"https:\/\/albaicin.fr\/wp-content\/uploads\/2024\/12\/Image-Produit_SmartL.jpg","datePublished":"2024-12-03T19:12:54+00:00","dateModified":"2026-01-10T10:28:04+00:00","description":"Pas de poche ? Cet \u00e9tui accueillera votre t\u00e9l\u00e9phone en toute s\u00e9curit\u00e9. Vous pourrez m\u00eame glisser une carte de cr\u00e9dit au dos de l'\u00e9tui.","breadcrumb":{"@id":"https:\/\/albaicin.fr\/index.php\/produit\/etui-telephone\/#breadcrumb"},"inLanguage":"fr-FR","potentialAction":[{"@type":"ReadAction","target":["https:\/\/albaicin.fr\/index.php\/produit\/etui-telephone\/"]}]},{"@type":"ImageObject","inLanguage":"fr-FR","@id":"https:\/\/albaicin.fr\/index.php\/produit\/etui-telephone\/#primaryimage","url":"https:\/\/albaicin.fr\/wp-content\/uploads\/2024\/12\/Image-Produit_SmartL.jpg","contentUrl":"https:\/\/albaicin.fr\/wp-content\/uploads\/2024\/12\/Image-Produit_SmartL.jpg","width":800,"height":800,"caption":"\u00e9tui t\u00e9l\u00e9phone"},{"@type":"BreadcrumbList","@id":"https:\/\/albaicin.fr\/index.php\/produit\/etui-telephone\/#breadcrumb","itemListElement":[{"@type":"ListItem","position":1,"name":"Accueil","item":"https:\/\/albaicin.fr\/"},{"@type":"ListItem","position":2,"name":"Boutique albaicin","item":"https:\/\/albaicin.fr\/index.php\/boutique-albaicin\/"},{"@type":"ListItem","position":3,"name":"Smart L+ Etui de t\u00e9l\u00e9phone"}]},{"@type":"WebSite","@id":"https:\/\/albaicin.fr\/#website","url":"https:\/\/albaicin.fr\/","name":"albaicin","description":"Un site utilisant WordPress","potentialAction":[{"@type":"SearchAction","target":{"@type":"EntryPoint","urlTemplate":"https:\/\/albaicin.fr\/?s={search_term_string}"},"query-input":{"@type":"PropertyValueSpecification","valueRequired":true,"valueName":"search_term_string"}}],"inLanguage":"fr-FR"}]}},"_links":{"self":[{"href":"https:\/\/albaicin.fr\/index.php\/wp-json\/wp\/v2\/product\/11348","targetHints":{"allow":["GET"]}}],"collection":[{"href":"https:\/\/albaicin.fr\/index.php\/wp-json\/wp\/v2\/product"}],"about":[{"href":"https:\/\/albaicin.fr\/index.php\/wp-json\/wp\/v2\/types\/product"}],"replies":[{"embeddable":true,"href":"https:\/\/albaicin.fr\/index.php\/wp-json\/wp\/v2\/comments?post=11348"}],"wp:featuredmedia":[{"embeddable":true,"href":"https:\/\/albaicin.fr\/index.php\/wp-json\/wp\/v2\/media\/11349"}],"wp:attachment":[{"href":"https:\/\/albaicin.fr\/index.php\/wp-json\/wp\/v2\/media?parent=11348"}],"wp:term":[{"taxonomy":"product_brand","embeddable":true,"href":"https:\/\/albaicin.fr\/index.php\/wp-json\/wp\/v2\/product_brand?post=11348"},{"taxonomy":"product_cat","embeddable":true,"href":"https:\/\/albaicin.fr\/index.php\/wp-json\/wp\/v2\/product_cat?post=11348"},{"taxonomy":"product_tag","embeddable":true,"href":"https:\/\/albaicin.fr\/index.php\/wp-json\/wp\/v2\/product_tag?post=11348"}],"curies":[{"name":"wp","href":"https:\/\/api.w.org\/{rel}","templated":true}]}}